{"id":9213,"date":"2023-06-01T19:50:56","date_gmt":"2023-06-01T19:50:56","guid":{"rendered":"https:\/\/capitalcientifica.com.mx\/tienda\/?post_type=product&#038;p=9213"},"modified":"2023-06-01T19:50:57","modified_gmt":"2023-06-01T19:50:57","slug":"balanza-de-precision-pioneer","status":"publish","type":"product","link":"https:\/\/capitalcientifica.com.mx\/tienda\/product\/balanza-de-precision-pioneer\/","title":{"rendered":"BALANZA DE PRECISI\u00d3N PIONEER\u2122"},"content":{"rendered":"<p>BALANZA DE PRECISI\u00d3N PIONEER\u2122<\/p>\n<h1 class=\"model-name\">PX323\/E<\/h1>\n<div class=\"description\">\n<p>&nbsp;<\/p>\n<\/div>\n<div class=\"specs\">\n<table>\n<tbody>\n<tr>\n<td>Capacidad m\u00e1xima<\/td>\n<td>320 g<\/td>\n<\/tr>\n<tr>\n<td>Lectura m\u00ednima<\/td>\n<td>0,001 g<\/td>\n<\/tr>\n<tr>\n<td>Tama\u00f1o del plato<\/td>\n<td>120 mm<\/td>\n<\/tr>\n<tr>\n<td>N\u00famero de Art\u00edculo:<\/td>\n<td>30429849<\/td>\n<\/tr>\n<\/tbody>\n<\/table>\n<\/div>\n","protected":false},"excerpt":{"rendered":"<table class=\"spec-table\">\n<tbody>\n<tr>\n<td>Capacidad m\u00e1xima<\/td>\n<td>320 g<\/td>\n<\/tr>\n<tr>\n<td>Lectura m\u00ednima<\/td>\n<td>0,001 g<\/td>\n<\/tr>\n<tr>\n<td>Tama\u00f1o del plato<\/td>\n<td>120 mm<\/td>\n<\/tr>\n<tr>\n<td>Calibraci\u00f3n interna<\/td>\n<td>No Aplica<\/td>\n<\/tr>\n<tr>\n<td>Protecci\u00f3n contra corrientes de aire<\/td>\n<td>Incluido<\/td>\n<\/tr>\n<tr>\n<td>Modelo de pantalla auxiliar<\/td>\n<td>Disponible como accesorio<\/td>\n<\/tr>\n<tr>\n<td>Duraci\u00f3n de la bater\u00eda<\/td>\n<td>No Aplica<\/td>\n<\/tr>\n<tr>\n<td>Comunicaci\u00f3n<\/td>\n<td>USB;\u00a0 RS232<\/td>\n<\/tr>\n<tr>\n<td>Dimensiones<\/td>\n<td>321 mm x 309 mm x 209 mm (LxAxA)<\/td>\n<\/tr>\n<tr>\n<td>Pantalla<\/td>\n<td>LCD de 2 l\u00edneas con luz de fondo<\/td>\n<\/tr>\n<tr>\n<td>Funda de protecci\u00f3n<\/td>\n<td>Incluido<\/td>\n<\/tr>\n<tr>\n<td>Autorizada para comercio<\/td>\n<td>No<\/td>\n<\/tr>\n<tr>\n<td>Linealidad \u00b1<\/td>\n<td>0,002 g<\/td>\n<\/tr>\n<tr>\n<td>Peso m\u00ednimo (USP, 0.1%, t\u00edpico)<\/td>\n<td>2 g<\/td>\n<\/tr>\n<tr>\n<td>Peso m\u00ednimo<\/td>\n<td>0,82 g<\/td>\n<\/tr>\n<tr>\n<td>Peso neto<\/td>\n<td>4,5 kg<\/td>\n<\/tr>\n<tr>\n<td>Material del plato<\/td>\n<td>Acero inoxidable<\/td>\n<\/tr>\n<tr>\n<td>Alimentaci\u00f3n<\/td>\n<td>Adaptador de CA (incluido)<\/td>\n<\/tr>\n<tr>\n<td>Repetibilidad, t\u00edpica<\/td>\n<td>0,001 g<\/td>\n<\/tr>\n<tr>\n<td>Tiempo de estabilizaci\u00f3n<\/td>\n<td>2 s<\/td>\n<\/tr>\n<tr>\n<td>Rango de tara<\/td>\n<td>Capacidad total por sustracci\u00f3n<\/td>\n<\/tr>\n<tr>\n<td>Unidades de medida<\/td>\n<td>Tael de Singapur;\u00a0 Pennyweight;\u00a0 Onza Troy;\u00a0 Kilogramo;\u00a0 Grano;\u00a0 Tical;\u00a0 Personalizado;\u00a0 Miligramo;\u00a0 Newton;\u00a0 Momme;\u00a0 Tael de Taiw\u00e1n;\u00a0 Baht;\u00a0 Gramo;\u00a0 Tael de Hong Kong;\u00a0 Libra;\u00a0 Tola;\u00a0 Mesghal;\u00a0 Onza;\u00a0 Quilates<\/td>\n<\/tr>\n<tr>\n<td>Entorno de trabajo<\/td>\n<td>funcionamiento garantizado entre 5\u00a0\u00a0 \u00b0C y 40\u00a0\u00a0 \u00b0C;\u00a0 10\u00a0\u00a0 \u00b0C \u2013 30\u00a0\u00a0 \u00b0C, 80\u00a0\u00a0 % HR, sin condensaci\u00f3n<\/td>\n<\/tr>\n<\/tbody>\n<\/table>\n","protected":false},"featured_media":9219,"comment_status":"closed","ping_status":"closed","template":"","meta":{"_joinchat":[]},"product_cat":[88,61,109,30,168],"product_tag":[],"class_list":{"0":"post-9213","1":"product","2":"type-product","3":"status-publish","4":"has-post-thumbnail","6":"product_cat-balanzas-semi-micro","7":"product_cat-equipos-de-laboratorio","8":"product_cat-importacion","9":"product_cat-ohaus","10":"product_cat-productos-destacados","12":"first","13":"instock","14":"shipping-taxable","15":"product-type-simple","16":"col-xs-6 col-sm-4","17":"col-md-3 col-lg-3","18":"un-4-cols"},"yoast_head":"<!-- This site is optimized with the Yoast SEO plugin v27.2 - https:\/\/yoast.com\/product\/yoast-seo-wordpress\/ -->\n<title>BALANZA DE PRECISI\u00d3N PIONEER\u2122 - Capital Cient&iacute;fica<\/title>\n<meta name=\"robots\" content=\"index, follow, max-snippet:-1, max-image-preview:large, max-video-preview:-1\" \/>\n<link rel=\"canonical\" href=\"https:\/\/capitalcientifica.com.mx\/tienda\/product\/balanza-de-precision-pioneer\/\" \/>\n<meta property=\"og:locale\" content=\"es_ES\" \/>\n<meta property=\"og:type\" content=\"article\" \/>\n<meta property=\"og:title\" content=\"BALANZA DE PRECISI\u00d3N PIONEER\u2122 - Capital Cient&iacute;fica\" \/>\n<meta property=\"og:description\" content=\"Capacidad m\u00e1xima 320 g   Lectura m\u00ednima 0,001 g   Tama\u00f1o del plato 120 mm   Calibraci\u00f3n interna No Aplica   Protecci\u00f3n contra corrientes de aire Incluido   Modelo de pantalla auxiliar Disponible como accesorio   Duraci\u00f3n de la bater\u00eda No Aplica   Comunicaci\u00f3n USB;\u00a0 RS232   Dimensiones 321 mm x 309 mm x 209 mm (LxAxA)   Pantalla LCD de 2 l\u00edneas con luz de fondo   Funda de protecci\u00f3n Incluido   Autorizada para comercio No   Linealidad \u00b1 0,002 g   Peso m\u00ednimo (USP, 0.1%, t\u00edpico) 2 g   Peso m\u00ednimo 0,82 g   Peso neto 4,5 kg   Material del plato Acero inoxidable   Alimentaci\u00f3n Adaptador de CA (incluido)   Repetibilidad, t\u00edpica 0,001 g   Tiempo de estabilizaci\u00f3n 2 s   Rango de tara Capacidad total por sustracci\u00f3n   Unidades de medida Tael de Singapur;\u00a0 Pennyweight;\u00a0 Onza Troy;\u00a0 Kilogramo;\u00a0 Grano;\u00a0 Tical;\u00a0 Personalizado;\u00a0 Miligramo;\u00a0 Newton;\u00a0 Momme;\u00a0 Tael de Taiw\u00e1n;\u00a0 Baht;\u00a0 Gramo;\u00a0 Tael de Hong Kong;\u00a0 Libra;\u00a0 Tola;\u00a0 Mesghal;\u00a0 Onza;\u00a0 Quilates   Entorno de trabajo funcionamiento garantizado entre 5\u00a0\u00a0 \u00b0C y 40\u00a0\u00a0 \u00b0C;\u00a0 10\u00a0\u00a0 \u00b0C \u2013 30\u00a0\u00a0 \u00b0C, 80\u00a0\u00a0 % HR, sin condensaci\u00f3n\" \/>\n<meta property=\"og:url\" content=\"https:\/\/capitalcientifica.com.mx\/tienda\/product\/balanza-de-precision-pioneer\/\" \/>\n<meta property=\"og:site_name\" content=\"Capital Cient&iacute;fica\" \/>\n<meta property=\"article:modified_time\" content=\"2023-06-01T19:50:57+00:00\" \/>\n<meta property=\"og:image\" content=\"https:\/\/capitalcientifica.com.mx\/tienda\/wp-content\/uploads\/2023\/06\/PX323-E.jpg\" \/>\n\t<meta property=\"og:image:width\" content=\"600\" \/>\n\t<meta property=\"og:image:height\" content=\"600\" \/>\n\t<meta property=\"og:image:type\" content=\"image\/jpeg\" \/>\n<meta name=\"twitter:card\" content=\"summary_large_image\" \/>\n<meta name=\"twitter:label1\" content=\"Tiempo de lectura\" \/>\n\t<meta name=\"twitter:data1\" content=\"1 minuto\" \/>\n<script type=\"application\/ld+json\" class=\"yoast-schema-graph\">{\"@context\":\"https:\/\/schema.org\",\"@graph\":[{\"@type\":\"WebPage\",\"@id\":\"https:\/\/capitalcientifica.com.mx\/tienda\/product\/balanza-de-precision-pioneer\/\",\"url\":\"https:\/\/capitalcientifica.com.mx\/tienda\/product\/balanza-de-precision-pioneer\/\",\"name\":\"BALANZA DE PRECISI\u00d3N PIONEER\u2122 - Capital Cient&iacute;fica\",\"isPartOf\":{\"@id\":\"https:\/\/capitalcientifica.com.mx\/tienda\/#website\"},\"primaryImageOfPage\":{\"@id\":\"https:\/\/capitalcientifica.com.mx\/tienda\/product\/balanza-de-precision-pioneer\/#primaryimage\"},\"image\":{\"@id\":\"https:\/\/capitalcientifica.com.mx\/tienda\/product\/balanza-de-precision-pioneer\/#primaryimage\"},\"thumbnailUrl\":\"https:\/\/capitalcientifica.com.mx\/tienda\/wp-content\/uploads\/2023\/06\/PX323-E.jpg\",\"datePublished\":\"2023-06-01T19:50:56+00:00\",\"dateModified\":\"2023-06-01T19:50:57+00:00\",\"breadcrumb\":{\"@id\":\"https:\/\/capitalcientifica.com.mx\/tienda\/product\/balanza-de-precision-pioneer\/#breadcrumb\"},\"inLanguage\":\"es\",\"potentialAction\":[{\"@type\":\"ReadAction\",\"target\":[\"https:\/\/capitalcientifica.com.mx\/tienda\/product\/balanza-de-precision-pioneer\/\"]}]},{\"@type\":\"ImageObject\",\"inLanguage\":\"es\",\"@id\":\"https:\/\/capitalcientifica.com.mx\/tienda\/product\/balanza-de-precision-pioneer\/#primaryimage\",\"url\":\"https:\/\/capitalcientifica.com.mx\/tienda\/wp-content\/uploads\/2023\/06\/PX323-E.jpg\",\"contentUrl\":\"https:\/\/capitalcientifica.com.mx\/tienda\/wp-content\/uploads\/2023\/06\/PX323-E.jpg\",\"width\":600,\"height\":600},{\"@type\":\"BreadcrumbList\",\"@id\":\"https:\/\/capitalcientifica.com.mx\/tienda\/product\/balanza-de-precision-pioneer\/#breadcrumb\",\"itemListElement\":[{\"@type\":\"ListItem\",\"position\":1,\"name\":\"Portada\",\"item\":\"https:\/\/capitalcientifica.com.mx\/tienda\/\"},{\"@type\":\"ListItem\",\"position\":2,\"name\":\"Shop\",\"item\":\"https:\/\/capitalcientifica.com.mx\/tienda\/shop\/\"},{\"@type\":\"ListItem\",\"position\":3,\"name\":\"BALANZA DE PRECISI\u00d3N PIONEER\u2122\"}]},{\"@type\":\"WebSite\",\"@id\":\"https:\/\/capitalcientifica.com.mx\/tienda\/#website\",\"url\":\"https:\/\/capitalcientifica.com.mx\/tienda\/\",\"name\":\"Capital Cient&iacute;fica\",\"description\":\"Equipo para laboratorio\",\"potentialAction\":[{\"@type\":\"SearchAction\",\"target\":{\"@type\":\"EntryPoint\",\"urlTemplate\":\"https:\/\/capitalcientifica.com.mx\/tienda\/?s={search_term_string}\"},\"query-input\":{\"@type\":\"PropertyValueSpecification\",\"valueRequired\":true,\"valueName\":\"search_term_string\"}}],\"inLanguage\":\"es\"}]}<\/script>\n<!-- \/ Yoast SEO plugin. -->","yoast_head_json":{"title":"BALANZA DE PRECISI\u00d3N PIONEER\u2122 - Capital Cient&iacute;fica","robots":{"index":"index","follow":"follow","max-snippet":"max-snippet:-1","max-image-preview":"max-image-preview:large","max-video-preview":"max-video-preview:-1"},"canonical":"https:\/\/capitalcientifica.com.mx\/tienda\/product\/balanza-de-precision-pioneer\/","og_locale":"es_ES","og_type":"article","og_title":"BALANZA DE PRECISI\u00d3N PIONEER\u2122 - Capital Cient&iacute;fica","og_description":"Capacidad m\u00e1xima 320 g   Lectura m\u00ednima 0,001 g   Tama\u00f1o del plato 120 mm   Calibraci\u00f3n interna No Aplica   Protecci\u00f3n contra corrientes de aire Incluido   Modelo de pantalla auxiliar Disponible como accesorio   Duraci\u00f3n de la bater\u00eda No Aplica   Comunicaci\u00f3n USB;\u00a0 RS232   Dimensiones 321 mm x 309 mm x 209 mm (LxAxA)   Pantalla LCD de 2 l\u00edneas con luz de fondo   Funda de protecci\u00f3n Incluido   Autorizada para comercio No   Linealidad \u00b1 0,002 g   Peso m\u00ednimo (USP, 0.1%, t\u00edpico) 2 g   Peso m\u00ednimo 0,82 g   Peso neto 4,5 kg   Material del plato Acero inoxidable   Alimentaci\u00f3n Adaptador de CA (incluido)   Repetibilidad, t\u00edpica 0,001 g   Tiempo de estabilizaci\u00f3n 2 s   Rango de tara Capacidad total por sustracci\u00f3n   Unidades de medida Tael de Singapur;\u00a0 Pennyweight;\u00a0 Onza Troy;\u00a0 Kilogramo;\u00a0 Grano;\u00a0 Tical;\u00a0 Personalizado;\u00a0 Miligramo;\u00a0 Newton;\u00a0 Momme;\u00a0 Tael de Taiw\u00e1n;\u00a0 Baht;\u00a0 Gramo;\u00a0 Tael de Hong Kong;\u00a0 Libra;\u00a0 Tola;\u00a0 Mesghal;\u00a0 Onza;\u00a0 Quilates   Entorno de trabajo funcionamiento garantizado entre 5\u00a0\u00a0 \u00b0C y 40\u00a0\u00a0 \u00b0C;\u00a0 10\u00a0\u00a0 \u00b0C \u2013 30\u00a0\u00a0 \u00b0C, 80\u00a0\u00a0 % HR, sin condensaci\u00f3n","og_url":"https:\/\/capitalcientifica.com.mx\/tienda\/product\/balanza-de-precision-pioneer\/","og_site_name":"Capital Cient&iacute;fica","article_modified_time":"2023-06-01T19:50:57+00:00","og_image":[{"width":600,"height":600,"url":"https:\/\/capitalcientifica.com.mx\/tienda\/wp-content\/uploads\/2023\/06\/PX323-E.jpg","type":"image\/jpeg"}],"twitter_card":"summary_large_image","twitter_misc":{"Tiempo de lectura":"1 minuto"},"schema":{"@context":"https:\/\/schema.org","@graph":[{"@type":"WebPage","@id":"https:\/\/capitalcientifica.com.mx\/tienda\/product\/balanza-de-precision-pioneer\/","url":"https:\/\/capitalcientifica.com.mx\/tienda\/product\/balanza-de-precision-pioneer\/","name":"BALANZA DE PRECISI\u00d3N PIONEER\u2122 - Capital Cient&iacute;fica","isPartOf":{"@id":"https:\/\/capitalcientifica.com.mx\/tienda\/#website"},"primaryImageOfPage":{"@id":"https:\/\/capitalcientifica.com.mx\/tienda\/product\/balanza-de-precision-pioneer\/#primaryimage"},"image":{"@id":"https:\/\/capitalcientifica.com.mx\/tienda\/product\/balanza-de-precision-pioneer\/#primaryimage"},"thumbnailUrl":"https:\/\/capitalcientifica.com.mx\/tienda\/wp-content\/uploads\/2023\/06\/PX323-E.jpg","datePublished":"2023-06-01T19:50:56+00:00","dateModified":"2023-06-01T19:50:57+00:00","breadcrumb":{"@id":"https:\/\/capitalcientifica.com.mx\/tienda\/product\/balanza-de-precision-pioneer\/#breadcrumb"},"inLanguage":"es","potentialAction":[{"@type":"ReadAction","target":["https:\/\/capitalcientifica.com.mx\/tienda\/product\/balanza-de-precision-pioneer\/"]}]},{"@type":"ImageObject","inLanguage":"es","@id":"https:\/\/capitalcientifica.com.mx\/tienda\/product\/balanza-de-precision-pioneer\/#primaryimage","url":"https:\/\/capitalcientifica.com.mx\/tienda\/wp-content\/uploads\/2023\/06\/PX323-E.jpg","contentUrl":"https:\/\/capitalcientifica.com.mx\/tienda\/wp-content\/uploads\/2023\/06\/PX323-E.jpg","width":600,"height":600},{"@type":"BreadcrumbList","@id":"https:\/\/capitalcientifica.com.mx\/tienda\/product\/balanza-de-precision-pioneer\/#breadcrumb","itemListElement":[{"@type":"ListItem","position":1,"name":"Portada","item":"https:\/\/capitalcientifica.com.mx\/tienda\/"},{"@type":"ListItem","position":2,"name":"Shop","item":"https:\/\/capitalcientifica.com.mx\/tienda\/shop\/"},{"@type":"ListItem","position":3,"name":"BALANZA DE PRECISI\u00d3N PIONEER\u2122"}]},{"@type":"WebSite","@id":"https:\/\/capitalcientifica.com.mx\/tienda\/#website","url":"https:\/\/capitalcientifica.com.mx\/tienda\/","name":"Capital Cient&iacute;fica","description":"Equipo para laboratorio","potentialAction":[{"@type":"SearchAction","target":{"@type":"EntryPoint","urlTemplate":"https:\/\/capitalcientifica.com.mx\/tienda\/?s={search_term_string}"},"query-input":{"@type":"PropertyValueSpecification","valueRequired":true,"valueName":"search_term_string"}}],"inLanguage":"es"}]}},"_links":{"self":[{"href":"https:\/\/capitalcientifica.com.mx\/tienda\/wp-json\/wp\/v2\/product\/9213","targetHints":{"allow":["GET"]}}],"collection":[{"href":"https:\/\/capitalcientifica.com.mx\/tienda\/wp-json\/wp\/v2\/product"}],"about":[{"href":"https:\/\/capitalcientifica.com.mx\/tienda\/wp-json\/wp\/v2\/types\/product"}],"replies":[{"embeddable":true,"href":"https:\/\/capitalcientifica.com.mx\/tienda\/wp-json\/wp\/v2\/comments?post=9213"}],"wp:featuredmedia":[{"embeddable":true,"href":"https:\/\/capitalcientifica.com.mx\/tienda\/wp-json\/wp\/v2\/media\/9219"}],"wp:attachment":[{"href":"https:\/\/capitalcientifica.com.mx\/tienda\/wp-json\/wp\/v2\/media?parent=9213"}],"wp:term":[{"taxonomy":"product_cat","embeddable":true,"href":"https:\/\/capitalcientifica.com.mx\/tienda\/wp-json\/wp\/v2\/product_cat?post=9213"},{"taxonomy":"product_tag","embeddable":true,"href":"https:\/\/capitalcientifica.com.mx\/tienda\/wp-json\/wp\/v2\/product_tag?post=9213"}],"curies":[{"name":"wp","href":"https:\/\/api.w.org\/{rel}","templated":true}]}}