{"id":5922,"date":"2023-04-13T22:16:58","date_gmt":"2023-04-13T22:16:58","guid":{"rendered":"https:\/\/capitalcientifica.com.mx\/tienda\/?post_type=product&#038;p=5922"},"modified":"2023-04-13T22:17:00","modified_gmt":"2023-04-13T22:17:00","slug":"brixometro-0-a-10-con-termometro-marca-mantey-fab-nacional","status":"publish","type":"product","link":"https:\/\/capitalcientifica.com.mx\/tienda\/product\/brixometro-0-a-10-con-termometro-marca-mantey-fab-nacional\/","title":{"rendered":"Brixometro 0 a 10 con termometro Marca Mantey Fab Nacional"},"content":{"rendered":"<p>Brixometro 0 a 10 grados brix con term\u00f3metro Marca Mantey Fab Nacional.<\/p>\n<p>Rangos 0-10<\/p>\n<p>10-20<\/p>\n<p>20-30<\/p>\n<p>30-40<\/p>\n<p>40-50<\/p>\n<p>50-60<\/p>\n<p>60-70<\/p>\n<p>70-80<\/p>\n<p>&nbsp;<\/p>\n","protected":false},"excerpt":{"rendered":"<h1>Brix\u00f3metro de vidrio con term\u00f3metro.<\/h1>\n<p>SI LO REQUIERE CERTIFICADO, La calibraci\u00f3n en tres puntos ante EMA, SE COTIZAR\u00c1 POR SEPARADO<br \/>\nPermite determinar el porcentaje de sacarosa (az\u00facar) disuelta en un l\u00edquido.<br \/>\nEscala de 0 a 10\u00b0<br \/>\nDivisi\u00f3n de 0.1\u00b0.<br \/>\nTerm\u00f3metro de 0 a 50\u00b0C; divisi\u00f3n de 1\u00b0C.<br \/>\nLongitud total de 380mm.<\/p>\n","protected":false},"featured_media":5923,"comment_status":"closed","ping_status":"closed","template":"","meta":{"_joinchat":[]},"product_cat":[63,102,84,101,85,168],"product_tag":[],"class_list":{"0":"post-5922","1":"product","2":"type-product","3":"status-publish","4":"has-post-thumbnail","6":"product_cat-consumibles","7":"product_cat-densimetros-y-brixometros","8":"product_cat-fabricacion","9":"product_cat-fabricacion-nacional","10":"product_cat-fabricacion-de-equipos-varios","11":"product_cat-productos-destacados","13":"first","14":"instock","15":"shipping-taxable","16":"product-type-simple","17":"col-xs-6 col-sm-4","18":"col-md-3 col-lg-3","19":"un-4-cols"},"yoast_head":"<!-- This site is optimized with the Yoast SEO plugin v27.2 - https:\/\/yoast.com\/product\/yoast-seo-wordpress\/ -->\n<title>Brixometro 0 a 10 con termometro Marca Mantey Fab Nacional - Capital Cient&iacute;fica<\/title>\n<meta name=\"robots\" content=\"index, follow, max-snippet:-1, max-image-preview:large, max-video-preview:-1\" \/>\n<link rel=\"canonical\" href=\"https:\/\/capitalcientifica.com.mx\/tienda\/product\/brixometro-0-a-10-con-termometro-marca-mantey-fab-nacional\/\" \/>\n<meta property=\"og:locale\" content=\"es_ES\" \/>\n<meta property=\"og:type\" content=\"article\" \/>\n<meta property=\"og:title\" content=\"Brixometro 0 a 10 con termometro Marca Mantey Fab Nacional - Capital Cient&iacute;fica\" \/>\n<meta property=\"og:description\" content=\"Brix\u00f3metro de vidrio con term\u00f3metro. SI LO REQUIERE CERTIFICADO, La calibraci\u00f3n en tres puntos ante EMA, SE COTIZAR\u00c1 POR SEPARADO Permite determinar el porcentaje de sacarosa (az\u00facar) disuelta en un l\u00edquido. Escala de 0 a 10\u00b0 Divisi\u00f3n de 0.1\u00b0. Term\u00f3metro de 0 a 50\u00b0C; divisi\u00f3n de 1\u00b0C. Longitud total de 380mm.\" \/>\n<meta property=\"og:url\" content=\"https:\/\/capitalcientifica.com.mx\/tienda\/product\/brixometro-0-a-10-con-termometro-marca-mantey-fab-nacional\/\" \/>\n<meta property=\"og:site_name\" content=\"Capital Cient&iacute;fica\" \/>\n<meta property=\"article:modified_time\" content=\"2023-04-13T22:17:00+00:00\" \/>\n<meta property=\"og:image\" content=\"https:\/\/capitalcientifica.com.mx\/tienda\/wp-content\/uploads\/2023\/04\/brixometro-mantey.jpg\" \/>\n\t<meta property=\"og:image:width\" content=\"130\" \/>\n\t<meta property=\"og:image:height\" content=\"455\" \/>\n\t<meta property=\"og:image:type\" content=\"image\/jpeg\" \/>\n<meta name=\"twitter:card\" content=\"summary_large_image\" \/>\n<meta name=\"twitter:label1\" content=\"Tiempo de lectura\" \/>\n\t<meta name=\"twitter:data1\" content=\"1 minuto\" \/>\n<script type=\"application\/ld+json\" class=\"yoast-schema-graph\">{\"@context\":\"https:\/\/schema.org\",\"@graph\":[{\"@type\":\"WebPage\",\"@id\":\"https:\/\/capitalcientifica.com.mx\/tienda\/product\/brixometro-0-a-10-con-termometro-marca-mantey-fab-nacional\/\",\"url\":\"https:\/\/capitalcientifica.com.mx\/tienda\/product\/brixometro-0-a-10-con-termometro-marca-mantey-fab-nacional\/\",\"name\":\"Brixometro 0 a 10 con termometro Marca Mantey Fab Nacional - Capital Cient&iacute;fica\",\"isPartOf\":{\"@id\":\"https:\/\/capitalcientifica.com.mx\/tienda\/#website\"},\"primaryImageOfPage\":{\"@id\":\"https:\/\/capitalcientifica.com.mx\/tienda\/product\/brixometro-0-a-10-con-termometro-marca-mantey-fab-nacional\/#primaryimage\"},\"image\":{\"@id\":\"https:\/\/capitalcientifica.com.mx\/tienda\/product\/brixometro-0-a-10-con-termometro-marca-mantey-fab-nacional\/#primaryimage\"},\"thumbnailUrl\":\"https:\/\/capitalcientifica.com.mx\/tienda\/wp-content\/uploads\/2023\/04\/brixometro-mantey.jpg\",\"datePublished\":\"2023-04-13T22:16:58+00:00\",\"dateModified\":\"2023-04-13T22:17:00+00:00\",\"breadcrumb\":{\"@id\":\"https:\/\/capitalcientifica.com.mx\/tienda\/product\/brixometro-0-a-10-con-termometro-marca-mantey-fab-nacional\/#breadcrumb\"},\"inLanguage\":\"es\",\"potentialAction\":[{\"@type\":\"ReadAction\",\"target\":[\"https:\/\/capitalcientifica.com.mx\/tienda\/product\/brixometro-0-a-10-con-termometro-marca-mantey-fab-nacional\/\"]}]},{\"@type\":\"ImageObject\",\"inLanguage\":\"es\",\"@id\":\"https:\/\/capitalcientifica.com.mx\/tienda\/product\/brixometro-0-a-10-con-termometro-marca-mantey-fab-nacional\/#primaryimage\",\"url\":\"https:\/\/capitalcientifica.com.mx\/tienda\/wp-content\/uploads\/2023\/04\/brixometro-mantey.jpg\",\"contentUrl\":\"https:\/\/capitalcientifica.com.mx\/tienda\/wp-content\/uploads\/2023\/04\/brixometro-mantey.jpg\",\"width\":130,\"height\":455},{\"@type\":\"BreadcrumbList\",\"@id\":\"https:\/\/capitalcientifica.com.mx\/tienda\/product\/brixometro-0-a-10-con-termometro-marca-mantey-fab-nacional\/#breadcrumb\",\"itemListElement\":[{\"@type\":\"ListItem\",\"position\":1,\"name\":\"Portada\",\"item\":\"https:\/\/capitalcientifica.com.mx\/tienda\/\"},{\"@type\":\"ListItem\",\"position\":2,\"name\":\"Shop\",\"item\":\"https:\/\/capitalcientifica.com.mx\/tienda\/shop\/\"},{\"@type\":\"ListItem\",\"position\":3,\"name\":\"Brixometro 0 a 10 con termometro Marca Mantey Fab Nacional\"}]},{\"@type\":\"WebSite\",\"@id\":\"https:\/\/capitalcientifica.com.mx\/tienda\/#website\",\"url\":\"https:\/\/capitalcientifica.com.mx\/tienda\/\",\"name\":\"Capital Cient&iacute;fica\",\"description\":\"Equipo para laboratorio\",\"potentialAction\":[{\"@type\":\"SearchAction\",\"target\":{\"@type\":\"EntryPoint\",\"urlTemplate\":\"https:\/\/capitalcientifica.com.mx\/tienda\/?s={search_term_string}\"},\"query-input\":{\"@type\":\"PropertyValueSpecification\",\"valueRequired\":true,\"valueName\":\"search_term_string\"}}],\"inLanguage\":\"es\"}]}<\/script>\n<!-- \/ Yoast SEO plugin. -->","yoast_head_json":{"title":"Brixometro 0 a 10 con termometro Marca Mantey Fab Nacional - Capital Cient&iacute;fica","robots":{"index":"index","follow":"follow","max-snippet":"max-snippet:-1","max-image-preview":"max-image-preview:large","max-video-preview":"max-video-preview:-1"},"canonical":"https:\/\/capitalcientifica.com.mx\/tienda\/product\/brixometro-0-a-10-con-termometro-marca-mantey-fab-nacional\/","og_locale":"es_ES","og_type":"article","og_title":"Brixometro 0 a 10 con termometro Marca Mantey Fab Nacional - Capital Cient&iacute;fica","og_description":"Brix\u00f3metro de vidrio con term\u00f3metro. SI LO REQUIERE CERTIFICADO, La calibraci\u00f3n en tres puntos ante EMA, SE COTIZAR\u00c1 POR SEPARADO Permite determinar el porcentaje de sacarosa (az\u00facar) disuelta en un l\u00edquido. Escala de 0 a 10\u00b0 Divisi\u00f3n de 0.1\u00b0. Term\u00f3metro de 0 a 50\u00b0C; divisi\u00f3n de 1\u00b0C. Longitud total de 380mm.","og_url":"https:\/\/capitalcientifica.com.mx\/tienda\/product\/brixometro-0-a-10-con-termometro-marca-mantey-fab-nacional\/","og_site_name":"Capital Cient&iacute;fica","article_modified_time":"2023-04-13T22:17:00+00:00","og_image":[{"width":130,"height":455,"url":"https:\/\/capitalcientifica.com.mx\/tienda\/wp-content\/uploads\/2023\/04\/brixometro-mantey.jpg","type":"image\/jpeg"}],"twitter_card":"summary_large_image","twitter_misc":{"Tiempo de lectura":"1 minuto"},"schema":{"@context":"https:\/\/schema.org","@graph":[{"@type":"WebPage","@id":"https:\/\/capitalcientifica.com.mx\/tienda\/product\/brixometro-0-a-10-con-termometro-marca-mantey-fab-nacional\/","url":"https:\/\/capitalcientifica.com.mx\/tienda\/product\/brixometro-0-a-10-con-termometro-marca-mantey-fab-nacional\/","name":"Brixometro 0 a 10 con termometro Marca Mantey Fab Nacional - Capital Cient&iacute;fica","isPartOf":{"@id":"https:\/\/capitalcientifica.com.mx\/tienda\/#website"},"primaryImageOfPage":{"@id":"https:\/\/capitalcientifica.com.mx\/tienda\/product\/brixometro-0-a-10-con-termometro-marca-mantey-fab-nacional\/#primaryimage"},"image":{"@id":"https:\/\/capitalcientifica.com.mx\/tienda\/product\/brixometro-0-a-10-con-termometro-marca-mantey-fab-nacional\/#primaryimage"},"thumbnailUrl":"https:\/\/capitalcientifica.com.mx\/tienda\/wp-content\/uploads\/2023\/04\/brixometro-mantey.jpg","datePublished":"2023-04-13T22:16:58+00:00","dateModified":"2023-04-13T22:17:00+00:00","breadcrumb":{"@id":"https:\/\/capitalcientifica.com.mx\/tienda\/product\/brixometro-0-a-10-con-termometro-marca-mantey-fab-nacional\/#breadcrumb"},"inLanguage":"es","potentialAction":[{"@type":"ReadAction","target":["https:\/\/capitalcientifica.com.mx\/tienda\/product\/brixometro-0-a-10-con-termometro-marca-mantey-fab-nacional\/"]}]},{"@type":"ImageObject","inLanguage":"es","@id":"https:\/\/capitalcientifica.com.mx\/tienda\/product\/brixometro-0-a-10-con-termometro-marca-mantey-fab-nacional\/#primaryimage","url":"https:\/\/capitalcientifica.com.mx\/tienda\/wp-content\/uploads\/2023\/04\/brixometro-mantey.jpg","contentUrl":"https:\/\/capitalcientifica.com.mx\/tienda\/wp-content\/uploads\/2023\/04\/brixometro-mantey.jpg","width":130,"height":455},{"@type":"BreadcrumbList","@id":"https:\/\/capitalcientifica.com.mx\/tienda\/product\/brixometro-0-a-10-con-termometro-marca-mantey-fab-nacional\/#breadcrumb","itemListElement":[{"@type":"ListItem","position":1,"name":"Portada","item":"https:\/\/capitalcientifica.com.mx\/tienda\/"},{"@type":"ListItem","position":2,"name":"Shop","item":"https:\/\/capitalcientifica.com.mx\/tienda\/shop\/"},{"@type":"ListItem","position":3,"name":"Brixometro 0 a 10 con termometro Marca Mantey Fab Nacional"}]},{"@type":"WebSite","@id":"https:\/\/capitalcientifica.com.mx\/tienda\/#website","url":"https:\/\/capitalcientifica.com.mx\/tienda\/","name":"Capital Cient&iacute;fica","description":"Equipo para laboratorio","potentialAction":[{"@type":"SearchAction","target":{"@type":"EntryPoint","urlTemplate":"https:\/\/capitalcientifica.com.mx\/tienda\/?s={search_term_string}"},"query-input":{"@type":"PropertyValueSpecification","valueRequired":true,"valueName":"search_term_string"}}],"inLanguage":"es"}]}},"_links":{"self":[{"href":"https:\/\/capitalcientifica.com.mx\/tienda\/wp-json\/wp\/v2\/product\/5922","targetHints":{"allow":["GET"]}}],"collection":[{"href":"https:\/\/capitalcientifica.com.mx\/tienda\/wp-json\/wp\/v2\/product"}],"about":[{"href":"https:\/\/capitalcientifica.com.mx\/tienda\/wp-json\/wp\/v2\/types\/product"}],"replies":[{"embeddable":true,"href":"https:\/\/capitalcientifica.com.mx\/tienda\/wp-json\/wp\/v2\/comments?post=5922"}],"wp:featuredmedia":[{"embeddable":true,"href":"https:\/\/capitalcientifica.com.mx\/tienda\/wp-json\/wp\/v2\/media\/5923"}],"wp:attachment":[{"href":"https:\/\/capitalcientifica.com.mx\/tienda\/wp-json\/wp\/v2\/media?parent=5922"}],"wp:term":[{"taxonomy":"product_cat","embeddable":true,"href":"https:\/\/capitalcientifica.com.mx\/tienda\/wp-json\/wp\/v2\/product_cat?post=5922"},{"taxonomy":"product_tag","embeddable":true,"href":"https:\/\/capitalcientifica.com.mx\/tienda\/wp-json\/wp\/v2\/product_tag?post=5922"}],"curies":[{"name":"wp","href":"https:\/\/api.w.org\/{rel}","templated":true}]}}