{"id":5862,"date":"2023-03-10T22:56:21","date_gmt":"2023-03-10T22:56:21","guid":{"rendered":"https:\/\/capitalcientifica.com.mx\/tienda\/?post_type=product&#038;p=5862"},"modified":"2023-04-04T21:08:29","modified_gmt":"2023-04-04T21:08:29","slug":"lampara-uv-100-leds-portatil-detector-de-orina","status":"publish","type":"product","link":"https:\/\/capitalcientifica.com.mx\/tienda\/product\/lampara-uv-100-leds-portatil-detector-de-orina\/","title":{"rendered":"LAMPARA UV 100 LEDs PORTATIL DETECTOR DE ORINA"},"content":{"rendered":"<p>LAMPARA UV 100 LEDs PORTATIL<\/p>\n<p class=\"text_text__3oq-D\"><span>[S\u00faper brillante antorcha Blacklight] Esta l\u00e1mpara tiene 100 LED, m\u00e1s brillante que otra antorcha, lo que permite un \u00e1rea grande brillante, puede detectar exactamente las invisibles en la alfombra, \u00a1opci\u00f3n para la detecci\u00f3n de mascotas!<\/span><\/p>\n<p>395nm<\/p>\n<p>MATERIAL DE ALUMINIO<\/p>\n<p>6XAA BATERIAS NO INCLUIDAS<\/p>\n<p>&nbsp;<\/p>\n","protected":false},"excerpt":{"rendered":"<p>LAMPARA UV 100 LEDs PORTATIL<\/p>\n<p class=\"text_text__3oq-D\">[S\u00faper brillante antorcha Blacklight] Esta l\u00e1mpara tiene 100 LED, m\u00e1s brillante que otra antorcha, lo que permite un \u00e1rea grande brillante, puede detectar exactamente las invisibles en la alfombra, \u00a1opci\u00f3n para la detecci\u00f3n de mascotas!<\/p>\n<p>395nm<\/p>\n<p>aluminio<\/p>\n","protected":false},"featured_media":5863,"comment_status":"closed","ping_status":"closed","template":"","meta":{"_joinchat":[]},"product_cat":[137,126,146,168],"product_tag":[172,173,3001],"class_list":{"0":"post-5862","1":"product","2":"type-product","3":"status-publish","4":"has-post-thumbnail","6":"product_cat-lupas","7":"product_cat-otros-heathrow-scientific","8":"product_cat-otros-traceable","9":"product_cat-productos-destacados","10":"product_tag-equipo-de-laboratorio","11":"product_tag-equipo-para-laboratorio","12":"product_tag-lampara-uv-100-leds-portatil-detector-de-orina","14":"first","15":"instock","16":"shipping-taxable","17":"product-type-simple","18":"col-xs-6 col-sm-4","19":"col-md-3 col-lg-3","20":"un-4-cols"},"yoast_head":"<!-- This site is optimized with the Yoast SEO plugin v27.2 - https:\/\/yoast.com\/product\/yoast-seo-wordpress\/ -->\n<title>LAMPARA UV 100 LEDs PORTATIL DETECTOR DE ORINA - Capital Cient&iacute;fica<\/title>\n<meta name=\"robots\" content=\"index, follow, max-snippet:-1, max-image-preview:large, max-video-preview:-1\" \/>\n<link rel=\"canonical\" href=\"https:\/\/capitalcientifica.com.mx\/tienda\/product\/lampara-uv-100-leds-portatil-detector-de-orina\/\" \/>\n<meta property=\"og:locale\" content=\"es_ES\" \/>\n<meta property=\"og:type\" content=\"article\" \/>\n<meta property=\"og:title\" content=\"LAMPARA UV 100 LEDs PORTATIL DETECTOR DE ORINA - Capital Cient&iacute;fica\" \/>\n<meta property=\"og:description\" content=\"LAMPARA UV 100 LEDs PORTATIL [S\u00faper brillante antorcha Blacklight] Esta l\u00e1mpara tiene 100 LED, m\u00e1s brillante que otra antorcha, lo que permite un \u00e1rea grande brillante, puede detectar exactamente las invisibles en la alfombra, \u00a1opci\u00f3n para la detecci\u00f3n de mascotas! 395nm  aluminio\" \/>\n<meta property=\"og:url\" content=\"https:\/\/capitalcientifica.com.mx\/tienda\/product\/lampara-uv-100-leds-portatil-detector-de-orina\/\" \/>\n<meta property=\"og:site_name\" content=\"Capital Cient&iacute;fica\" \/>\n<meta property=\"article:modified_time\" content=\"2023-04-04T21:08:29+00:00\" \/>\n<meta property=\"og:image\" content=\"https:\/\/capitalcientifica.com.mx\/tienda\/wp-content\/uploads\/2023\/03\/LAMPARA-PORTATIL-100-LEDS.jpg\" \/>\n\t<meta property=\"og:image:width\" content=\"403\" \/>\n\t<meta property=\"og:image:height\" content=\"425\" \/>\n\t<meta property=\"og:image:type\" content=\"image\/jpeg\" \/>\n<meta name=\"twitter:card\" content=\"summary_large_image\" \/>\n<meta name=\"twitter:label1\" content=\"Tiempo de lectura\" \/>\n\t<meta name=\"twitter:data1\" content=\"1 minuto\" \/>\n<script type=\"application\/ld+json\" class=\"yoast-schema-graph\">{\"@context\":\"https:\/\/schema.org\",\"@graph\":[{\"@type\":\"WebPage\",\"@id\":\"https:\/\/capitalcientifica.com.mx\/tienda\/product\/lampara-uv-100-leds-portatil-detector-de-orina\/\",\"url\":\"https:\/\/capitalcientifica.com.mx\/tienda\/product\/lampara-uv-100-leds-portatil-detector-de-orina\/\",\"name\":\"LAMPARA UV 100 LEDs PORTATIL DETECTOR DE ORINA - Capital Cient&iacute;fica\",\"isPartOf\":{\"@id\":\"https:\/\/capitalcientifica.com.mx\/tienda\/#website\"},\"primaryImageOfPage\":{\"@id\":\"https:\/\/capitalcientifica.com.mx\/tienda\/product\/lampara-uv-100-leds-portatil-detector-de-orina\/#primaryimage\"},\"image\":{\"@id\":\"https:\/\/capitalcientifica.com.mx\/tienda\/product\/lampara-uv-100-leds-portatil-detector-de-orina\/#primaryimage\"},\"thumbnailUrl\":\"https:\/\/capitalcientifica.com.mx\/tienda\/wp-content\/uploads\/2023\/03\/LAMPARA-PORTATIL-100-LEDS.jpg\",\"datePublished\":\"2023-03-10T22:56:21+00:00\",\"dateModified\":\"2023-04-04T21:08:29+00:00\",\"breadcrumb\":{\"@id\":\"https:\/\/capitalcientifica.com.mx\/tienda\/product\/lampara-uv-100-leds-portatil-detector-de-orina\/#breadcrumb\"},\"inLanguage\":\"es\",\"potentialAction\":[{\"@type\":\"ReadAction\",\"target\":[\"https:\/\/capitalcientifica.com.mx\/tienda\/product\/lampara-uv-100-leds-portatil-detector-de-orina\/\"]}]},{\"@type\":\"ImageObject\",\"inLanguage\":\"es\",\"@id\":\"https:\/\/capitalcientifica.com.mx\/tienda\/product\/lampara-uv-100-leds-portatil-detector-de-orina\/#primaryimage\",\"url\":\"https:\/\/capitalcientifica.com.mx\/tienda\/wp-content\/uploads\/2023\/03\/LAMPARA-PORTATIL-100-LEDS.jpg\",\"contentUrl\":\"https:\/\/capitalcientifica.com.mx\/tienda\/wp-content\/uploads\/2023\/03\/LAMPARA-PORTATIL-100-LEDS.jpg\",\"width\":403,\"height\":425},{\"@type\":\"BreadcrumbList\",\"@id\":\"https:\/\/capitalcientifica.com.mx\/tienda\/product\/lampara-uv-100-leds-portatil-detector-de-orina\/#breadcrumb\",\"itemListElement\":[{\"@type\":\"ListItem\",\"position\":1,\"name\":\"Portada\",\"item\":\"https:\/\/capitalcientifica.com.mx\/tienda\/\"},{\"@type\":\"ListItem\",\"position\":2,\"name\":\"Shop\",\"item\":\"https:\/\/capitalcientifica.com.mx\/tienda\/shop\/\"},{\"@type\":\"ListItem\",\"position\":3,\"name\":\"LAMPARA UV 100 LEDs PORTATIL DETECTOR DE ORINA\"}]},{\"@type\":\"WebSite\",\"@id\":\"https:\/\/capitalcientifica.com.mx\/tienda\/#website\",\"url\":\"https:\/\/capitalcientifica.com.mx\/tienda\/\",\"name\":\"Capital Cient&iacute;fica\",\"description\":\"Equipo para laboratorio\",\"potentialAction\":[{\"@type\":\"SearchAction\",\"target\":{\"@type\":\"EntryPoint\",\"urlTemplate\":\"https:\/\/capitalcientifica.com.mx\/tienda\/?s={search_term_string}\"},\"query-input\":{\"@type\":\"PropertyValueSpecification\",\"valueRequired\":true,\"valueName\":\"search_term_string\"}}],\"inLanguage\":\"es\"}]}<\/script>\n<!-- \/ Yoast SEO plugin. -->","yoast_head_json":{"title":"LAMPARA UV 100 LEDs PORTATIL DETECTOR DE ORINA - Capital Cient&iacute;fica","robots":{"index":"index","follow":"follow","max-snippet":"max-snippet:-1","max-image-preview":"max-image-preview:large","max-video-preview":"max-video-preview:-1"},"canonical":"https:\/\/capitalcientifica.com.mx\/tienda\/product\/lampara-uv-100-leds-portatil-detector-de-orina\/","og_locale":"es_ES","og_type":"article","og_title":"LAMPARA UV 100 LEDs PORTATIL DETECTOR DE ORINA - Capital Cient&iacute;fica","og_description":"LAMPARA UV 100 LEDs PORTATIL [S\u00faper brillante antorcha Blacklight] Esta l\u00e1mpara tiene 100 LED, m\u00e1s brillante que otra antorcha, lo que permite un \u00e1rea grande brillante, puede detectar exactamente las invisibles en la alfombra, \u00a1opci\u00f3n para la detecci\u00f3n de mascotas! 395nm  aluminio","og_url":"https:\/\/capitalcientifica.com.mx\/tienda\/product\/lampara-uv-100-leds-portatil-detector-de-orina\/","og_site_name":"Capital Cient&iacute;fica","article_modified_time":"2023-04-04T21:08:29+00:00","og_image":[{"width":403,"height":425,"url":"https:\/\/capitalcientifica.com.mx\/tienda\/wp-content\/uploads\/2023\/03\/LAMPARA-PORTATIL-100-LEDS.jpg","type":"image\/jpeg"}],"twitter_card":"summary_large_image","twitter_misc":{"Tiempo de lectura":"1 minuto"},"schema":{"@context":"https:\/\/schema.org","@graph":[{"@type":"WebPage","@id":"https:\/\/capitalcientifica.com.mx\/tienda\/product\/lampara-uv-100-leds-portatil-detector-de-orina\/","url":"https:\/\/capitalcientifica.com.mx\/tienda\/product\/lampara-uv-100-leds-portatil-detector-de-orina\/","name":"LAMPARA UV 100 LEDs PORTATIL DETECTOR DE ORINA - Capital Cient&iacute;fica","isPartOf":{"@id":"https:\/\/capitalcientifica.com.mx\/tienda\/#website"},"primaryImageOfPage":{"@id":"https:\/\/capitalcientifica.com.mx\/tienda\/product\/lampara-uv-100-leds-portatil-detector-de-orina\/#primaryimage"},"image":{"@id":"https:\/\/capitalcientifica.com.mx\/tienda\/product\/lampara-uv-100-leds-portatil-detector-de-orina\/#primaryimage"},"thumbnailUrl":"https:\/\/capitalcientifica.com.mx\/tienda\/wp-content\/uploads\/2023\/03\/LAMPARA-PORTATIL-100-LEDS.jpg","datePublished":"2023-03-10T22:56:21+00:00","dateModified":"2023-04-04T21:08:29+00:00","breadcrumb":{"@id":"https:\/\/capitalcientifica.com.mx\/tienda\/product\/lampara-uv-100-leds-portatil-detector-de-orina\/#breadcrumb"},"inLanguage":"es","potentialAction":[{"@type":"ReadAction","target":["https:\/\/capitalcientifica.com.mx\/tienda\/product\/lampara-uv-100-leds-portatil-detector-de-orina\/"]}]},{"@type":"ImageObject","inLanguage":"es","@id":"https:\/\/capitalcientifica.com.mx\/tienda\/product\/lampara-uv-100-leds-portatil-detector-de-orina\/#primaryimage","url":"https:\/\/capitalcientifica.com.mx\/tienda\/wp-content\/uploads\/2023\/03\/LAMPARA-PORTATIL-100-LEDS.jpg","contentUrl":"https:\/\/capitalcientifica.com.mx\/tienda\/wp-content\/uploads\/2023\/03\/LAMPARA-PORTATIL-100-LEDS.jpg","width":403,"height":425},{"@type":"BreadcrumbList","@id":"https:\/\/capitalcientifica.com.mx\/tienda\/product\/lampara-uv-100-leds-portatil-detector-de-orina\/#breadcrumb","itemListElement":[{"@type":"ListItem","position":1,"name":"Portada","item":"https:\/\/capitalcientifica.com.mx\/tienda\/"},{"@type":"ListItem","position":2,"name":"Shop","item":"https:\/\/capitalcientifica.com.mx\/tienda\/shop\/"},{"@type":"ListItem","position":3,"name":"LAMPARA UV 100 LEDs PORTATIL DETECTOR DE ORINA"}]},{"@type":"WebSite","@id":"https:\/\/capitalcientifica.com.mx\/tienda\/#website","url":"https:\/\/capitalcientifica.com.mx\/tienda\/","name":"Capital Cient&iacute;fica","description":"Equipo para laboratorio","potentialAction":[{"@type":"SearchAction","target":{"@type":"EntryPoint","urlTemplate":"https:\/\/capitalcientifica.com.mx\/tienda\/?s={search_term_string}"},"query-input":{"@type":"PropertyValueSpecification","valueRequired":true,"valueName":"search_term_string"}}],"inLanguage":"es"}]}},"_links":{"self":[{"href":"https:\/\/capitalcientifica.com.mx\/tienda\/wp-json\/wp\/v2\/product\/5862","targetHints":{"allow":["GET"]}}],"collection":[{"href":"https:\/\/capitalcientifica.com.mx\/tienda\/wp-json\/wp\/v2\/product"}],"about":[{"href":"https:\/\/capitalcientifica.com.mx\/tienda\/wp-json\/wp\/v2\/types\/product"}],"replies":[{"embeddable":true,"href":"https:\/\/capitalcientifica.com.mx\/tienda\/wp-json\/wp\/v2\/comments?post=5862"}],"wp:featuredmedia":[{"embeddable":true,"href":"https:\/\/capitalcientifica.com.mx\/tienda\/wp-json\/wp\/v2\/media\/5863"}],"wp:attachment":[{"href":"https:\/\/capitalcientifica.com.mx\/tienda\/wp-json\/wp\/v2\/media?parent=5862"}],"wp:term":[{"taxonomy":"product_cat","embeddable":true,"href":"https:\/\/capitalcientifica.com.mx\/tienda\/wp-json\/wp\/v2\/product_cat?post=5862"},{"taxonomy":"product_tag","embeddable":true,"href":"https:\/\/capitalcientifica.com.mx\/tienda\/wp-json\/wp\/v2\/product_tag?post=5862"}],"curies":[{"name":"wp","href":"https:\/\/api.w.org\/{rel}","templated":true}]}}