{"id":5854,"date":"2023-03-10T20:57:15","date_gmt":"2023-03-10T20:57:15","guid":{"rendered":"https:\/\/capitalcientifica.com.mx\/tienda\/?post_type=product&#038;p=5854"},"modified":"2023-04-04T21:09:50","modified_gmt":"2023-04-04T21:09:50","slug":"viales-de-ldpe-para-muestras-nalgen-con-tapon-no-de-catalogo-6250-0012","status":"publish","type":"product","link":"https:\/\/capitalcientifica.com.mx\/tienda\/product\/viales-de-ldpe-para-muestras-nalgen-con-tapon-no-de-catalogo-6250-0012\/","title":{"rendered":"Viales de LDPE para muestras Nalgen con tap\u00f3n"},"content":{"rendered":"<table class=\"pdp-table__full-specs\">\n<tbody>\n<tr>\n<td class=\"pdp-table__full-specs-label\">Descripci\u00f3n<\/td>\n<td class=\"pdp-table__full-specs-value\">Vial de muestra de LDPE de 12\u00a0ml<\/td>\n<\/tr>\n<tr>\n<td class=\"pdp-table__full-specs-label\">Color<\/td>\n<td class=\"pdp-table__full-specs-value\">Transl\u00facido<\/td>\n<\/tr>\n<tr>\n<td class=\"pdp-table__full-specs-label\">Di\u00e1metro exterior (imperial)<\/td>\n<td class=\"pdp-table__full-specs-value\">27.1 mm<\/td>\n<\/tr>\n<tr>\n<td class=\"pdp-table__full-specs-label\">Material<\/td>\n<td class=\"pdp-table__full-specs-value\">Polietileno de baja densidad (LDPE)<\/td>\n<\/tr>\n<tr>\n<td class=\"pdp-table__full-specs-label\">Volumen (m\u00e9trico)<\/td>\n<td class=\"pdp-table__full-specs-value\">12 ml<\/td>\n<\/tr>\n<tr>\n<td class=\"pdp-table__full-specs-label\">N.\u00ba por caja<\/td>\n<td class=\"pdp-table__full-specs-value\">144<\/td>\n<\/tr>\n<tr>\n<td class=\"pdp-table__full-specs-label\">N.\u00b0 por paquete<\/td>\n<td class=\"pdp-table__full-specs-value\">12<\/td>\n<\/tr>\n<tr>\n<td class=\"pdp-table__full-specs-label\">L\u00ednea de productos<\/td>\n<td class=\"pdp-table__full-specs-value\">Nalgene\u2122<\/td>\n<\/tr>\n<tr>\n<td class=\"pdp-table__full-specs-label\">Volumen total (m\u00e9trico)<\/td>\n<td class=\"pdp-table__full-specs-value\">12\u00a0ml<\/td>\n<\/tr>\n<tr>\n<td class=\"pdp-table__full-specs-label\">Material del cierre<\/td>\n<td class=\"pdp-table__full-specs-value\">LDPE<\/td>\n<\/tr>\n<tr>\n<td class=\"pdp-table__full-specs-label\">Tipo de tap\u00f3n<\/td>\n<td class=\"pdp-table__full-specs-value\">Tap\u00f3n de ajuste por fricci\u00f3n<\/td>\n<\/tr>\n<tr>\n<td class=\"pdp-table__full-specs-label\">Altura (m\u00e9trico)<\/td>\n<td class=\"pdp-table__full-specs-value\">35.6 mm<\/td>\n<\/tr>\n<tr>\n<td class=\"pdp-table__full-specs-label\">Cantidad<\/td>\n<td class=\"pdp-table__full-specs-value\">144\u00a0cajas, paquete de\u00a012<\/td>\n<\/tr>\n<tr>\n<td class=\"pdp-table__full-specs-label\">Certificaciones\/conformidad<\/td>\n<td class=\"pdp-table__full-specs-value\">Certificado de an\u00e1lisis, certificado de conformidad<\/td>\n<\/tr>\n<tr>\n<td class=\"pdp-table__full-specs-label\">Tipo<\/td>\n<td class=\"pdp-table__full-specs-value\">Vial<\/td>\n<\/tr>\n<tr>\n<td class=\"pdp-table__full-specs-label\"><\/td>\n<td class=\"pdp-table__full-specs-value\"><\/td>\n<\/tr>\n<\/tbody>\n<\/table>\n","protected":false},"excerpt":{"rendered":"<table class=\"pdp-table__full-specs\">\n<tbody>\n<tr>\n<td class=\"pdp-table__full-specs-label\">Descripci\u00f3n<\/td>\n<td class=\"pdp-table__full-specs-value\">Vial de muestra de LDPE de 12\u00a0ml<\/td>\n<\/tr>\n<tr>\n<td class=\"pdp-table__full-specs-label\">Color<\/td>\n<td class=\"pdp-table__full-specs-value\">Transl\u00facido<\/td>\n<\/tr>\n<tr>\n<td class=\"pdp-table__full-specs-label\">Di\u00e1metro exterior (imperial)<\/td>\n<td class=\"pdp-table__full-specs-value\">27.1 mm<\/td>\n<\/tr>\n<tr>\n<td class=\"pdp-table__full-specs-label\">Material<\/td>\n<td class=\"pdp-table__full-specs-value\">Polietileno de baja densidad (LDPE)<\/td>\n<\/tr>\n<tr>\n<td class=\"pdp-table__full-specs-label\">Volumen (m\u00e9trico)<\/td>\n<td class=\"pdp-table__full-specs-value\">12 ml<\/td>\n<\/tr>\n<tr>\n<td class=\"pdp-table__full-specs-label\">N.\u00ba por caja<\/td>\n<td class=\"pdp-table__full-specs-value\">144<\/td>\n<\/tr>\n<tr>\n<td class=\"pdp-table__full-specs-label\">N.\u00b0 por paquete<\/td>\n<td class=\"pdp-table__full-specs-value\">12<\/td>\n<\/tr>\n<tr>\n<td class=\"pdp-table__full-specs-label\">L\u00ednea de productos<\/td>\n<td class=\"pdp-table__full-specs-value\">Nalgene\u2122<\/td>\n<\/tr>\n<tr>\n<td class=\"pdp-table__full-specs-label\">Volumen total (m\u00e9trico)<\/td>\n<td class=\"pdp-table__full-specs-value\">12\u00a0ml<\/td>\n<\/tr>\n<tr>\n<td class=\"pdp-table__full-specs-label\">Material del cierre<\/td>\n<td class=\"pdp-table__full-specs-value\">LDPE<\/td>\n<\/tr>\n<tr>\n<td class=\"pdp-table__full-specs-label\">Tipo de tap\u00f3n<\/td>\n<td class=\"pdp-table__full-specs-value\">Tap\u00f3n de ajuste por fricci\u00f3n<\/td>\n<\/tr>\n<tr>\n<td class=\"pdp-table__full-specs-label\">Altura (m\u00e9trico)<\/td>\n<td class=\"pdp-table__full-specs-value\">35.6 mm<\/td>\n<\/tr>\n<tr>\n<td class=\"pdp-table__full-specs-label\">Cantidad<\/td>\n<td class=\"pdp-table__full-specs-value\">144\u00a0cajas, paquete de\u00a012<\/td>\n<\/tr>\n<tr>\n<td class=\"pdp-table__full-specs-label\">Certificaciones\/conformidad<\/td>\n<td class=\"pdp-table__full-specs-value\">Certificado de an\u00e1lisis, certificado de conformidad<\/td>\n<\/tr>\n<tr>\n<td class=\"pdp-table__full-specs-label\">Tipo<\/td>\n<td class=\"pdp-table__full-specs-value\">Vial<\/td>\n<\/tr>\n<tr>\n<td class=\"pdp-table__full-specs-label\"><\/td>\n<td class=\"pdp-table__full-specs-value\"><\/td>\n<\/tr>\n<\/tbody>\n<\/table>\n","protected":false},"featured_media":5855,"comment_status":"closed","ping_status":"closed","template":"","meta":{"_joinchat":[]},"product_cat":[63,117,109,46],"product_tag":[172,173,2942],"class_list":{"0":"post-5854","1":"product","2":"type-product","3":"status-publish","4":"has-post-thumbnail","6":"product_cat-consumibles","7":"product_cat-frascos","8":"product_cat-importacion","9":"product_cat-nalgene","10":"product_tag-equipo-de-laboratorio","11":"product_tag-equipo-para-laboratorio","12":"product_tag-viales-de-ldpe-para-muestras-nalgen-con-tapon","14":"first","15":"instock","16":"shipping-taxable","17":"product-type-simple","18":"col-xs-6 col-sm-4","19":"col-md-3 col-lg-3","20":"un-4-cols"},"yoast_head":"<!-- This site is optimized with the Yoast SEO plugin v27.2 - https:\/\/yoast.com\/product\/yoast-seo-wordpress\/ -->\n<title>Viales de LDPE para muestras Nalgen con tap\u00f3n - Capital Cient&iacute;fica<\/title>\n<meta name=\"robots\" content=\"index, follow, max-snippet:-1, max-image-preview:large, max-video-preview:-1\" \/>\n<link rel=\"canonical\" href=\"https:\/\/capitalcientifica.com.mx\/tienda\/product\/viales-de-ldpe-para-muestras-nalgen-con-tapon-no-de-catalogo-6250-0012\/\" \/>\n<meta property=\"og:locale\" content=\"es_ES\" \/>\n<meta property=\"og:type\" content=\"article\" \/>\n<meta property=\"og:title\" content=\"Viales de LDPE para muestras Nalgen con tap\u00f3n - Capital Cient&iacute;fica\" \/>\n<meta property=\"og:description\" content=\"Descripci\u00f3n Vial de muestra de LDPE de 12\u00a0ml   Color Transl\u00facido   Di\u00e1metro exterior (imperial) 27.1 mm   Material Polietileno de baja densidad (LDPE)   Volumen (m\u00e9trico) 12 ml   N.\u00ba por caja 144   N.\u00b0 por paquete 12   L\u00ednea de productos Nalgene\u2122   Volumen total (m\u00e9trico) 12\u00a0ml   Material del cierre LDPE   Tipo de tap\u00f3n Tap\u00f3n de ajuste por fricci\u00f3n   Altura (m\u00e9trico) 35.6 mm   Cantidad 144\u00a0cajas, paquete de\u00a012   Certificaciones\/conformidad Certificado de an\u00e1lisis, certificado de conformidad   Tipo Vial\" \/>\n<meta property=\"og:url\" content=\"https:\/\/capitalcientifica.com.mx\/tienda\/product\/viales-de-ldpe-para-muestras-nalgen-con-tapon-no-de-catalogo-6250-0012\/\" \/>\n<meta property=\"og:site_name\" content=\"Capital Cient&iacute;fica\" \/>\n<meta property=\"article:modified_time\" content=\"2023-04-04T21:09:50+00:00\" \/>\n<meta property=\"og:image\" content=\"https:\/\/capitalcientifica.com.mx\/tienda\/wp-content\/uploads\/2023\/03\/VIAL-DE-12-ML-NALGENE.jpg\" \/>\n\t<meta property=\"og:image:width\" content=\"255\" \/>\n\t<meta property=\"og:image:height\" content=\"257\" \/>\n\t<meta property=\"og:image:type\" content=\"image\/jpeg\" \/>\n<meta name=\"twitter:card\" content=\"summary_large_image\" \/>\n<meta name=\"twitter:label1\" content=\"Tiempo de lectura\" \/>\n\t<meta name=\"twitter:data1\" content=\"1 minuto\" \/>\n<script type=\"application\/ld+json\" class=\"yoast-schema-graph\">{\"@context\":\"https:\/\/schema.org\",\"@graph\":[{\"@type\":\"WebPage\",\"@id\":\"https:\/\/capitalcientifica.com.mx\/tienda\/product\/viales-de-ldpe-para-muestras-nalgen-con-tapon-no-de-catalogo-6250-0012\/\",\"url\":\"https:\/\/capitalcientifica.com.mx\/tienda\/product\/viales-de-ldpe-para-muestras-nalgen-con-tapon-no-de-catalogo-6250-0012\/\",\"name\":\"Viales de LDPE para muestras Nalgen con tap\u00f3n - Capital Cient&iacute;fica\",\"isPartOf\":{\"@id\":\"https:\/\/capitalcientifica.com.mx\/tienda\/#website\"},\"primaryImageOfPage\":{\"@id\":\"https:\/\/capitalcientifica.com.mx\/tienda\/product\/viales-de-ldpe-para-muestras-nalgen-con-tapon-no-de-catalogo-6250-0012\/#primaryimage\"},\"image\":{\"@id\":\"https:\/\/capitalcientifica.com.mx\/tienda\/product\/viales-de-ldpe-para-muestras-nalgen-con-tapon-no-de-catalogo-6250-0012\/#primaryimage\"},\"thumbnailUrl\":\"https:\/\/capitalcientifica.com.mx\/tienda\/wp-content\/uploads\/2023\/03\/VIAL-DE-12-ML-NALGENE.jpg\",\"datePublished\":\"2023-03-10T20:57:15+00:00\",\"dateModified\":\"2023-04-04T21:09:50+00:00\",\"breadcrumb\":{\"@id\":\"https:\/\/capitalcientifica.com.mx\/tienda\/product\/viales-de-ldpe-para-muestras-nalgen-con-tapon-no-de-catalogo-6250-0012\/#breadcrumb\"},\"inLanguage\":\"es\",\"potentialAction\":[{\"@type\":\"ReadAction\",\"target\":[\"https:\/\/capitalcientifica.com.mx\/tienda\/product\/viales-de-ldpe-para-muestras-nalgen-con-tapon-no-de-catalogo-6250-0012\/\"]}]},{\"@type\":\"ImageObject\",\"inLanguage\":\"es\",\"@id\":\"https:\/\/capitalcientifica.com.mx\/tienda\/product\/viales-de-ldpe-para-muestras-nalgen-con-tapon-no-de-catalogo-6250-0012\/#primaryimage\",\"url\":\"https:\/\/capitalcientifica.com.mx\/tienda\/wp-content\/uploads\/2023\/03\/VIAL-DE-12-ML-NALGENE.jpg\",\"contentUrl\":\"https:\/\/capitalcientifica.com.mx\/tienda\/wp-content\/uploads\/2023\/03\/VIAL-DE-12-ML-NALGENE.jpg\",\"width\":255,\"height\":257},{\"@type\":\"BreadcrumbList\",\"@id\":\"https:\/\/capitalcientifica.com.mx\/tienda\/product\/viales-de-ldpe-para-muestras-nalgen-con-tapon-no-de-catalogo-6250-0012\/#breadcrumb\",\"itemListElement\":[{\"@type\":\"ListItem\",\"position\":1,\"name\":\"Portada\",\"item\":\"https:\/\/capitalcientifica.com.mx\/tienda\/\"},{\"@type\":\"ListItem\",\"position\":2,\"name\":\"Shop\",\"item\":\"https:\/\/capitalcientifica.com.mx\/tienda\/shop\/\"},{\"@type\":\"ListItem\",\"position\":3,\"name\":\"Viales de LDPE para muestras Nalgen con tap\u00f3n\"}]},{\"@type\":\"WebSite\",\"@id\":\"https:\/\/capitalcientifica.com.mx\/tienda\/#website\",\"url\":\"https:\/\/capitalcientifica.com.mx\/tienda\/\",\"name\":\"Capital Cient&iacute;fica\",\"description\":\"Equipo para laboratorio\",\"potentialAction\":[{\"@type\":\"SearchAction\",\"target\":{\"@type\":\"EntryPoint\",\"urlTemplate\":\"https:\/\/capitalcientifica.com.mx\/tienda\/?s={search_term_string}\"},\"query-input\":{\"@type\":\"PropertyValueSpecification\",\"valueRequired\":true,\"valueName\":\"search_term_string\"}}],\"inLanguage\":\"es\"}]}<\/script>\n<!-- \/ Yoast SEO plugin. -->","yoast_head_json":{"title":"Viales de LDPE para muestras Nalgen con tap\u00f3n - Capital Cient&iacute;fica","robots":{"index":"index","follow":"follow","max-snippet":"max-snippet:-1","max-image-preview":"max-image-preview:large","max-video-preview":"max-video-preview:-1"},"canonical":"https:\/\/capitalcientifica.com.mx\/tienda\/product\/viales-de-ldpe-para-muestras-nalgen-con-tapon-no-de-catalogo-6250-0012\/","og_locale":"es_ES","og_type":"article","og_title":"Viales de LDPE para muestras Nalgen con tap\u00f3n - Capital Cient&iacute;fica","og_description":"Descripci\u00f3n Vial de muestra de LDPE de 12\u00a0ml   Color Transl\u00facido   Di\u00e1metro exterior (imperial) 27.1 mm   Material Polietileno de baja densidad (LDPE)   Volumen (m\u00e9trico) 12 ml   N.\u00ba por caja 144   N.\u00b0 por paquete 12   L\u00ednea de productos Nalgene\u2122   Volumen total (m\u00e9trico) 12\u00a0ml   Material del cierre LDPE   Tipo de tap\u00f3n Tap\u00f3n de ajuste por fricci\u00f3n   Altura (m\u00e9trico) 35.6 mm   Cantidad 144\u00a0cajas, paquete de\u00a012   Certificaciones\/conformidad Certificado de an\u00e1lisis, certificado de conformidad   Tipo Vial","og_url":"https:\/\/capitalcientifica.com.mx\/tienda\/product\/viales-de-ldpe-para-muestras-nalgen-con-tapon-no-de-catalogo-6250-0012\/","og_site_name":"Capital Cient&iacute;fica","article_modified_time":"2023-04-04T21:09:50+00:00","og_image":[{"width":255,"height":257,"url":"https:\/\/capitalcientifica.com.mx\/tienda\/wp-content\/uploads\/2023\/03\/VIAL-DE-12-ML-NALGENE.jpg","type":"image\/jpeg"}],"twitter_card":"summary_large_image","twitter_misc":{"Tiempo de lectura":"1 minuto"},"schema":{"@context":"https:\/\/schema.org","@graph":[{"@type":"WebPage","@id":"https:\/\/capitalcientifica.com.mx\/tienda\/product\/viales-de-ldpe-para-muestras-nalgen-con-tapon-no-de-catalogo-6250-0012\/","url":"https:\/\/capitalcientifica.com.mx\/tienda\/product\/viales-de-ldpe-para-muestras-nalgen-con-tapon-no-de-catalogo-6250-0012\/","name":"Viales de LDPE para muestras Nalgen con tap\u00f3n - Capital Cient&iacute;fica","isPartOf":{"@id":"https:\/\/capitalcientifica.com.mx\/tienda\/#website"},"primaryImageOfPage":{"@id":"https:\/\/capitalcientifica.com.mx\/tienda\/product\/viales-de-ldpe-para-muestras-nalgen-con-tapon-no-de-catalogo-6250-0012\/#primaryimage"},"image":{"@id":"https:\/\/capitalcientifica.com.mx\/tienda\/product\/viales-de-ldpe-para-muestras-nalgen-con-tapon-no-de-catalogo-6250-0012\/#primaryimage"},"thumbnailUrl":"https:\/\/capitalcientifica.com.mx\/tienda\/wp-content\/uploads\/2023\/03\/VIAL-DE-12-ML-NALGENE.jpg","datePublished":"2023-03-10T20:57:15+00:00","dateModified":"2023-04-04T21:09:50+00:00","breadcrumb":{"@id":"https:\/\/capitalcientifica.com.mx\/tienda\/product\/viales-de-ldpe-para-muestras-nalgen-con-tapon-no-de-catalogo-6250-0012\/#breadcrumb"},"inLanguage":"es","potentialAction":[{"@type":"ReadAction","target":["https:\/\/capitalcientifica.com.mx\/tienda\/product\/viales-de-ldpe-para-muestras-nalgen-con-tapon-no-de-catalogo-6250-0012\/"]}]},{"@type":"ImageObject","inLanguage":"es","@id":"https:\/\/capitalcientifica.com.mx\/tienda\/product\/viales-de-ldpe-para-muestras-nalgen-con-tapon-no-de-catalogo-6250-0012\/#primaryimage","url":"https:\/\/capitalcientifica.com.mx\/tienda\/wp-content\/uploads\/2023\/03\/VIAL-DE-12-ML-NALGENE.jpg","contentUrl":"https:\/\/capitalcientifica.com.mx\/tienda\/wp-content\/uploads\/2023\/03\/VIAL-DE-12-ML-NALGENE.jpg","width":255,"height":257},{"@type":"BreadcrumbList","@id":"https:\/\/capitalcientifica.com.mx\/tienda\/product\/viales-de-ldpe-para-muestras-nalgen-con-tapon-no-de-catalogo-6250-0012\/#breadcrumb","itemListElement":[{"@type":"ListItem","position":1,"name":"Portada","item":"https:\/\/capitalcientifica.com.mx\/tienda\/"},{"@type":"ListItem","position":2,"name":"Shop","item":"https:\/\/capitalcientifica.com.mx\/tienda\/shop\/"},{"@type":"ListItem","position":3,"name":"Viales de LDPE para muestras Nalgen con tap\u00f3n"}]},{"@type":"WebSite","@id":"https:\/\/capitalcientifica.com.mx\/tienda\/#website","url":"https:\/\/capitalcientifica.com.mx\/tienda\/","name":"Capital Cient&iacute;fica","description":"Equipo para laboratorio","potentialAction":[{"@type":"SearchAction","target":{"@type":"EntryPoint","urlTemplate":"https:\/\/capitalcientifica.com.mx\/tienda\/?s={search_term_string}"},"query-input":{"@type":"PropertyValueSpecification","valueRequired":true,"valueName":"search_term_string"}}],"inLanguage":"es"}]}},"_links":{"self":[{"href":"https:\/\/capitalcientifica.com.mx\/tienda\/wp-json\/wp\/v2\/product\/5854","targetHints":{"allow":["GET"]}}],"collection":[{"href":"https:\/\/capitalcientifica.com.mx\/tienda\/wp-json\/wp\/v2\/product"}],"about":[{"href":"https:\/\/capitalcientifica.com.mx\/tienda\/wp-json\/wp\/v2\/types\/product"}],"replies":[{"embeddable":true,"href":"https:\/\/capitalcientifica.com.mx\/tienda\/wp-json\/wp\/v2\/comments?post=5854"}],"wp:featuredmedia":[{"embeddable":true,"href":"https:\/\/capitalcientifica.com.mx\/tienda\/wp-json\/wp\/v2\/media\/5855"}],"wp:attachment":[{"href":"https:\/\/capitalcientifica.com.mx\/tienda\/wp-json\/wp\/v2\/media?parent=5854"}],"wp:term":[{"taxonomy":"product_cat","embeddable":true,"href":"https:\/\/capitalcientifica.com.mx\/tienda\/wp-json\/wp\/v2\/product_cat?post=5854"},{"taxonomy":"product_tag","embeddable":true,"href":"https:\/\/capitalcientifica.com.mx\/tienda\/wp-json\/wp\/v2\/product_tag?post=5854"}],"curies":[{"name":"wp","href":"https:\/\/api.w.org\/{rel}","templated":true}]}}