{"id":5094,"date":"2022-03-08T02:56:15","date_gmt":"2022-03-08T02:56:15","guid":{"rendered":"https:\/\/www.capitalcientifica.com.mx\/?post_type=product&#038;p=5094"},"modified":"2023-02-24T17:22:32","modified_gmt":"2023-02-24T17:22:32","slug":"medidor-de-velocidad-de-giro-certificado-led-no-catalogo-cc-4262","status":"publish","type":"product","link":"https:\/\/capitalcientifica.com.mx\/tienda\/product\/medidor-de-velocidad-de-giro-certificado-led-no-catalogo-cc-4262\/","title":{"rendered":"MEDIDOR DE VELOCIDAD DE GIRO CERTIFICADO LED"},"content":{"rendered":"<p>MEDIDOR DE VELOCIDAD DE GIRO CERTIFICADO LED<\/p>\n<div class=\"product-id-stock\"><span class=\"product-id\"><span class=\"product-id-name\">No. Cat\u00e1logo<\/span>\u00a0<span class=\"product-id-value\">CC-4262<\/span><\/span><\/div>\n<div><\/div>\n<div>Tac\u00f3metro de no-contacto por medio de luz LED con resultados de precisi\u00f3n instant\u00e1neos. La medici\u00f3n \u00f3ptica se realiza colocando un pedazo de cinta reflectante sobre el objeto giratorio, tiene resoluci\u00f3n de hasta 0.001 rpm, bot\u00f3n hold para capturar las lecturas, lecturas en menos de 2 segundos y su tama\u00f1o es compacto.<\/div>\n","protected":false},"excerpt":{"rendered":"<p>MEDIDOR DE VELOCIDAD DE GIRO CERTIFICADO LED<\/p>\n<div class=\"product-id-stock\"><span class=\"product-id\"><span class=\"product-id-name\">No. Cat\u00e1logo<\/span>\u00a0<span class=\"product-id-value\">CC-4262<\/span><\/span><\/div>\n<div><\/div>\n<div>Tac\u00f3metro de no-contacto por medio de luz LED con resultados de precisi\u00f3n instant\u00e1neos. La medici\u00f3n \u00f3ptica se realiza colocando un pedazo de cinta reflectante sobre el objeto giratorio, tiene resoluci\u00f3n de hasta 0.001 rpm, bot\u00f3n hold para capturar las lecturas, lecturas en menos de 2 segundos y su tama\u00f1o es compacto.<\/div>\n","protected":false},"featured_media":5095,"comment_status":"open","ping_status":"closed","template":"","meta":{"_joinchat":[]},"product_cat":[146,130],"product_tag":[172,173,1712],"class_list":{"0":"post-5094","1":"product","2":"type-product","3":"status-publish","4":"has-post-thumbnail","6":"product_cat-otros-traceable","7":"product_cat-traceable","8":"product_tag-equipo-de-laboratorio","9":"product_tag-equipo-para-laboratorio","10":"product_tag-medidor-de-velocidad-de-giro-certificado-led","12":"first","13":"instock","14":"shipping-taxable","15":"product-type-simple","16":"col-xs-6 col-sm-4","17":"col-md-3 col-lg-3","18":"un-4-cols"},"yoast_head":"<!-- This site is optimized with the Yoast SEO plugin v27.2 - https:\/\/yoast.com\/product\/yoast-seo-wordpress\/ -->\n<title>MEDIDOR DE VELOCIDAD DE GIRO CERTIFICADO LED - Capital Cient&iacute;fica<\/title>\n<meta name=\"robots\" content=\"index, follow, max-snippet:-1, max-image-preview:large, max-video-preview:-1\" \/>\n<link rel=\"canonical\" href=\"https:\/\/capitalcientifica.com.mx\/tienda\/product\/medidor-de-velocidad-de-giro-certificado-led-no-catalogo-cc-4262\/\" \/>\n<meta property=\"og:locale\" content=\"es_ES\" \/>\n<meta property=\"og:type\" content=\"article\" \/>\n<meta property=\"og:title\" content=\"MEDIDOR DE VELOCIDAD DE GIRO CERTIFICADO LED - Capital Cient&iacute;fica\" \/>\n<meta property=\"og:description\" content=\"MEDIDOR DE VELOCIDAD DE GIRO CERTIFICADO LED No. Cat\u00e1logo\u00a0CC-4262  Tac\u00f3metro de no-contacto por medio de luz LED con resultados de precisi\u00f3n instant\u00e1neos. La medici\u00f3n \u00f3ptica se realiza colocando un pedazo de cinta reflectante sobre el objeto giratorio, tiene resoluci\u00f3n de hasta 0.001 rpm, bot\u00f3n hold para capturar las lecturas, lecturas en menos de 2 segundos y su tama\u00f1o es compacto.\" \/>\n<meta property=\"og:url\" content=\"https:\/\/capitalcientifica.com.mx\/tienda\/product\/medidor-de-velocidad-de-giro-certificado-led-no-catalogo-cc-4262\/\" \/>\n<meta property=\"og:site_name\" content=\"Capital Cient&iacute;fica\" \/>\n<meta property=\"article:modified_time\" content=\"2023-02-24T17:22:32+00:00\" \/>\n<meta property=\"og:image\" content=\"https:\/\/capitalcientifica.com.mx\/tienda\/wp-content\/uploads\/2022\/03\/cc-4262_0.png\" \/>\n\t<meta property=\"og:image:width\" content=\"296\" \/>\n\t<meta property=\"og:image:height\" content=\"400\" \/>\n\t<meta property=\"og:image:type\" content=\"image\/png\" \/>\n<meta name=\"twitter:card\" content=\"summary_large_image\" \/>\n<script type=\"application\/ld+json\" class=\"yoast-schema-graph\">{\"@context\":\"https:\/\/schema.org\",\"@graph\":[{\"@type\":\"WebPage\",\"@id\":\"https:\/\/capitalcientifica.com.mx\/tienda\/product\/medidor-de-velocidad-de-giro-certificado-led-no-catalogo-cc-4262\/\",\"url\":\"https:\/\/capitalcientifica.com.mx\/tienda\/product\/medidor-de-velocidad-de-giro-certificado-led-no-catalogo-cc-4262\/\",\"name\":\"MEDIDOR DE VELOCIDAD DE GIRO CERTIFICADO LED - Capital Cient&iacute;fica\",\"isPartOf\":{\"@id\":\"https:\/\/capitalcientifica.com.mx\/tienda\/#website\"},\"primaryImageOfPage\":{\"@id\":\"https:\/\/capitalcientifica.com.mx\/tienda\/product\/medidor-de-velocidad-de-giro-certificado-led-no-catalogo-cc-4262\/#primaryimage\"},\"image\":{\"@id\":\"https:\/\/capitalcientifica.com.mx\/tienda\/product\/medidor-de-velocidad-de-giro-certificado-led-no-catalogo-cc-4262\/#primaryimage\"},\"thumbnailUrl\":\"https:\/\/capitalcientifica.com.mx\/tienda\/wp-content\/uploads\/2022\/03\/cc-4262_0.png\",\"datePublished\":\"2022-03-08T02:56:15+00:00\",\"dateModified\":\"2023-02-24T17:22:32+00:00\",\"breadcrumb\":{\"@id\":\"https:\/\/capitalcientifica.com.mx\/tienda\/product\/medidor-de-velocidad-de-giro-certificado-led-no-catalogo-cc-4262\/#breadcrumb\"},\"inLanguage\":\"es\",\"potentialAction\":[{\"@type\":\"ReadAction\",\"target\":[\"https:\/\/capitalcientifica.com.mx\/tienda\/product\/medidor-de-velocidad-de-giro-certificado-led-no-catalogo-cc-4262\/\"]}]},{\"@type\":\"ImageObject\",\"inLanguage\":\"es\",\"@id\":\"https:\/\/capitalcientifica.com.mx\/tienda\/product\/medidor-de-velocidad-de-giro-certificado-led-no-catalogo-cc-4262\/#primaryimage\",\"url\":\"https:\/\/capitalcientifica.com.mx\/tienda\/wp-content\/uploads\/2022\/03\/cc-4262_0.png\",\"contentUrl\":\"https:\/\/capitalcientifica.com.mx\/tienda\/wp-content\/uploads\/2022\/03\/cc-4262_0.png\",\"width\":296,\"height\":400},{\"@type\":\"BreadcrumbList\",\"@id\":\"https:\/\/capitalcientifica.com.mx\/tienda\/product\/medidor-de-velocidad-de-giro-certificado-led-no-catalogo-cc-4262\/#breadcrumb\",\"itemListElement\":[{\"@type\":\"ListItem\",\"position\":1,\"name\":\"Portada\",\"item\":\"https:\/\/capitalcientifica.com.mx\/tienda\/\"},{\"@type\":\"ListItem\",\"position\":2,\"name\":\"Shop\",\"item\":\"https:\/\/capitalcientifica.com.mx\/tienda\/shop\/\"},{\"@type\":\"ListItem\",\"position\":3,\"name\":\"MEDIDOR DE VELOCIDAD DE GIRO CERTIFICADO LED\"}]},{\"@type\":\"WebSite\",\"@id\":\"https:\/\/capitalcientifica.com.mx\/tienda\/#website\",\"url\":\"https:\/\/capitalcientifica.com.mx\/tienda\/\",\"name\":\"Capital Cient&iacute;fica\",\"description\":\"Equipo para laboratorio\",\"potentialAction\":[{\"@type\":\"SearchAction\",\"target\":{\"@type\":\"EntryPoint\",\"urlTemplate\":\"https:\/\/capitalcientifica.com.mx\/tienda\/?s={search_term_string}\"},\"query-input\":{\"@type\":\"PropertyValueSpecification\",\"valueRequired\":true,\"valueName\":\"search_term_string\"}}],\"inLanguage\":\"es\"}]}<\/script>\n<!-- \/ Yoast SEO plugin. -->","yoast_head_json":{"title":"MEDIDOR DE VELOCIDAD DE GIRO CERTIFICADO LED - Capital Cient&iacute;fica","robots":{"index":"index","follow":"follow","max-snippet":"max-snippet:-1","max-image-preview":"max-image-preview:large","max-video-preview":"max-video-preview:-1"},"canonical":"https:\/\/capitalcientifica.com.mx\/tienda\/product\/medidor-de-velocidad-de-giro-certificado-led-no-catalogo-cc-4262\/","og_locale":"es_ES","og_type":"article","og_title":"MEDIDOR DE VELOCIDAD DE GIRO CERTIFICADO LED - Capital Cient&iacute;fica","og_description":"MEDIDOR DE VELOCIDAD DE GIRO CERTIFICADO LED No. Cat\u00e1logo\u00a0CC-4262  Tac\u00f3metro de no-contacto por medio de luz LED con resultados de precisi\u00f3n instant\u00e1neos. La medici\u00f3n \u00f3ptica se realiza colocando un pedazo de cinta reflectante sobre el objeto giratorio, tiene resoluci\u00f3n de hasta 0.001 rpm, bot\u00f3n hold para capturar las lecturas, lecturas en menos de 2 segundos y su tama\u00f1o es compacto.","og_url":"https:\/\/capitalcientifica.com.mx\/tienda\/product\/medidor-de-velocidad-de-giro-certificado-led-no-catalogo-cc-4262\/","og_site_name":"Capital Cient&iacute;fica","article_modified_time":"2023-02-24T17:22:32+00:00","og_image":[{"width":296,"height":400,"url":"https:\/\/capitalcientifica.com.mx\/tienda\/wp-content\/uploads\/2022\/03\/cc-4262_0.png","type":"image\/png"}],"twitter_card":"summary_large_image","schema":{"@context":"https:\/\/schema.org","@graph":[{"@type":"WebPage","@id":"https:\/\/capitalcientifica.com.mx\/tienda\/product\/medidor-de-velocidad-de-giro-certificado-led-no-catalogo-cc-4262\/","url":"https:\/\/capitalcientifica.com.mx\/tienda\/product\/medidor-de-velocidad-de-giro-certificado-led-no-catalogo-cc-4262\/","name":"MEDIDOR DE VELOCIDAD DE GIRO CERTIFICADO LED - Capital Cient&iacute;fica","isPartOf":{"@id":"https:\/\/capitalcientifica.com.mx\/tienda\/#website"},"primaryImageOfPage":{"@id":"https:\/\/capitalcientifica.com.mx\/tienda\/product\/medidor-de-velocidad-de-giro-certificado-led-no-catalogo-cc-4262\/#primaryimage"},"image":{"@id":"https:\/\/capitalcientifica.com.mx\/tienda\/product\/medidor-de-velocidad-de-giro-certificado-led-no-catalogo-cc-4262\/#primaryimage"},"thumbnailUrl":"https:\/\/capitalcientifica.com.mx\/tienda\/wp-content\/uploads\/2022\/03\/cc-4262_0.png","datePublished":"2022-03-08T02:56:15+00:00","dateModified":"2023-02-24T17:22:32+00:00","breadcrumb":{"@id":"https:\/\/capitalcientifica.com.mx\/tienda\/product\/medidor-de-velocidad-de-giro-certificado-led-no-catalogo-cc-4262\/#breadcrumb"},"inLanguage":"es","potentialAction":[{"@type":"ReadAction","target":["https:\/\/capitalcientifica.com.mx\/tienda\/product\/medidor-de-velocidad-de-giro-certificado-led-no-catalogo-cc-4262\/"]}]},{"@type":"ImageObject","inLanguage":"es","@id":"https:\/\/capitalcientifica.com.mx\/tienda\/product\/medidor-de-velocidad-de-giro-certificado-led-no-catalogo-cc-4262\/#primaryimage","url":"https:\/\/capitalcientifica.com.mx\/tienda\/wp-content\/uploads\/2022\/03\/cc-4262_0.png","contentUrl":"https:\/\/capitalcientifica.com.mx\/tienda\/wp-content\/uploads\/2022\/03\/cc-4262_0.png","width":296,"height":400},{"@type":"BreadcrumbList","@id":"https:\/\/capitalcientifica.com.mx\/tienda\/product\/medidor-de-velocidad-de-giro-certificado-led-no-catalogo-cc-4262\/#breadcrumb","itemListElement":[{"@type":"ListItem","position":1,"name":"Portada","item":"https:\/\/capitalcientifica.com.mx\/tienda\/"},{"@type":"ListItem","position":2,"name":"Shop","item":"https:\/\/capitalcientifica.com.mx\/tienda\/shop\/"},{"@type":"ListItem","position":3,"name":"MEDIDOR DE VELOCIDAD DE GIRO CERTIFICADO LED"}]},{"@type":"WebSite","@id":"https:\/\/capitalcientifica.com.mx\/tienda\/#website","url":"https:\/\/capitalcientifica.com.mx\/tienda\/","name":"Capital Cient&iacute;fica","description":"Equipo para laboratorio","potentialAction":[{"@type":"SearchAction","target":{"@type":"EntryPoint","urlTemplate":"https:\/\/capitalcientifica.com.mx\/tienda\/?s={search_term_string}"},"query-input":{"@type":"PropertyValueSpecification","valueRequired":true,"valueName":"search_term_string"}}],"inLanguage":"es"}]}},"_links":{"self":[{"href":"https:\/\/capitalcientifica.com.mx\/tienda\/wp-json\/wp\/v2\/product\/5094","targetHints":{"allow":["GET"]}}],"collection":[{"href":"https:\/\/capitalcientifica.com.mx\/tienda\/wp-json\/wp\/v2\/product"}],"about":[{"href":"https:\/\/capitalcientifica.com.mx\/tienda\/wp-json\/wp\/v2\/types\/product"}],"replies":[{"embeddable":true,"href":"https:\/\/capitalcientifica.com.mx\/tienda\/wp-json\/wp\/v2\/comments?post=5094"}],"wp:featuredmedia":[{"embeddable":true,"href":"https:\/\/capitalcientifica.com.mx\/tienda\/wp-json\/wp\/v2\/media\/5095"}],"wp:attachment":[{"href":"https:\/\/capitalcientifica.com.mx\/tienda\/wp-json\/wp\/v2\/media?parent=5094"}],"wp:term":[{"taxonomy":"product_cat","embeddable":true,"href":"https:\/\/capitalcientifica.com.mx\/tienda\/wp-json\/wp\/v2\/product_cat?post=5094"},{"taxonomy":"product_tag","embeddable":true,"href":"https:\/\/capitalcientifica.com.mx\/tienda\/wp-json\/wp\/v2\/product_tag?post=5094"}],"curies":[{"name":"wp","href":"https:\/\/api.w.org\/{rel}","templated":true}]}}