{"id":4120,"date":"2022-02-20T23:20:36","date_gmt":"2022-02-20T23:20:36","guid":{"rendered":"https:\/\/www.capitalcientifica.com.mx\/?post_type=product&#038;p=4120"},"modified":"2023-02-16T18:07:55","modified_gmt":"2023-02-16T18:07:55","slug":"gradilla-para-microtubos-rota-rack-duo-no-catalogo-hs-29041a","status":"publish","type":"product","link":"https:\/\/capitalcientifica.com.mx\/tienda\/product\/gradilla-para-microtubos-rota-rack-duo-no-catalogo-hs-29041a\/","title":{"rendered":"GRADILLA PARA MICROTUBOS ROTA-RACK DUO"},"content":{"rendered":"<p>GRADILLA PARA MICROTUBOS ROTA-RACK DUO<\/p>\n<div class=\"product-id-stock\"><span class=\"product-id\"><span class=\"product-id-name\">No. Cat\u00e1logo<\/span>\u00a0<span class=\"product-id-value\">HS-29041A<\/span><\/span><\/div>\n<div><\/div>\n<div>Gradilla rotatoria para microtubos Rota-Rack-Duo, de 3 diferentes medidas de microtubo en polipropileno. Organ\u00edzate de forma divertida, gira cada m\u00f3dulo de forma independiente para configurar los tubos que necesitas, cada m\u00f3dulo tiene dos medidas diferentes, secci\u00f3n azul para microtubos de 0.2 mL por un lado y 1.5\/2.0 mL por el otro lado, secci\u00f3n morada para microtubos de 0.5 mL por un lado y 1.5\/2.0 mL por el otro lado, con identificaci\u00f3n alfanum\u00e9rica. Es autoclavable.<\/div>\n","protected":false},"excerpt":{"rendered":"<p>GRADILLA PARA MICROTUBOS ROTA-RACK DUO<\/p>\n<div class=\"product-id-stock\"><span class=\"product-id\"><span class=\"product-id-name\">No. Cat\u00e1logo<\/span>\u00a0<span class=\"product-id-value\">HS-29041A<\/span><\/span><\/div>\n<div><\/div>\n<div>Gradilla rotatoria para microtubos Rota-Rack-Duo, de 3 diferentes medidas de microtubo en polipropileno. Organ\u00edzate de forma divertida, gira cada m\u00f3dulo de forma independiente para configurar los tubos que necesitas, cada m\u00f3dulo tiene dos medidas diferentes, secci\u00f3n azul para microtubos de 0.2 mL por un lado y 1.5\/2.0 mL por el otro lado, secci\u00f3n morada para microtubos de 0.5 mL por un lado y 1.5\/2.0 mL por el otro lado, con identificaci\u00f3n alfanum\u00e9rica. Es autoclavable.<\/div>\n","protected":false},"featured_media":4121,"comment_status":"open","ping_status":"closed","template":"","meta":{"_joinchat":[]},"product_cat":[120,41],"product_tag":[172,173,1084],"class_list":{"0":"post-4120","1":"product","2":"type-product","3":"status-publish","4":"has-post-thumbnail","6":"product_cat-gradillas","7":"product_cat-heathrow-scientific","8":"product_tag-equipo-de-laboratorio","9":"product_tag-equipo-para-laboratorio","10":"product_tag-gradilla-para-microtubos-rota-rack-duo","12":"first","13":"instock","14":"shipping-taxable","15":"product-type-simple","16":"col-xs-6 col-sm-4","17":"col-md-3 col-lg-3","18":"un-4-cols"},"yoast_head":"<!-- This site is optimized with the Yoast SEO plugin v27.2 - https:\/\/yoast.com\/product\/yoast-seo-wordpress\/ -->\n<title>GRADILLA PARA MICROTUBOS ROTA-RACK DUO - Capital Cient&iacute;fica<\/title>\n<meta name=\"robots\" content=\"index, follow, max-snippet:-1, max-image-preview:large, max-video-preview:-1\" \/>\n<link rel=\"canonical\" href=\"https:\/\/capitalcientifica.com.mx\/tienda\/product\/gradilla-para-microtubos-rota-rack-duo-no-catalogo-hs-29041a\/\" \/>\n<meta property=\"og:locale\" content=\"es_ES\" \/>\n<meta property=\"og:type\" content=\"article\" \/>\n<meta property=\"og:title\" content=\"GRADILLA PARA MICROTUBOS ROTA-RACK DUO - Capital Cient&iacute;fica\" \/>\n<meta property=\"og:description\" content=\"GRADILLA PARA MICROTUBOS ROTA-RACK DUO No. Cat\u00e1logo\u00a0HS-29041A  Gradilla rotatoria para microtubos Rota-Rack-Duo, de 3 diferentes medidas de microtubo en polipropileno. Organ\u00edzate de forma divertida, gira cada m\u00f3dulo de forma independiente para configurar los tubos que necesitas, cada m\u00f3dulo tiene dos medidas diferentes, secci\u00f3n azul para microtubos de 0.2 mL por un lado y 1.5\/2.0 mL por el otro lado, secci\u00f3n morada para microtubos de 0.5 mL por un lado y 1.5\/2.0 mL por el otro lado, con identificaci\u00f3n alfanum\u00e9rica. Es autoclavable.\" \/>\n<meta property=\"og:url\" content=\"https:\/\/capitalcientifica.com.mx\/tienda\/product\/gradilla-para-microtubos-rota-rack-duo-no-catalogo-hs-29041a\/\" \/>\n<meta property=\"og:site_name\" content=\"Capital Cient&iacute;fica\" \/>\n<meta property=\"article:modified_time\" content=\"2023-02-16T18:07:55+00:00\" \/>\n<meta property=\"og:image\" content=\"https:\/\/capitalcientifica.com.mx\/tienda\/wp-content\/uploads\/2022\/02\/hs-29041a_0.png\" \/>\n\t<meta property=\"og:image:width\" content=\"84\" \/>\n\t<meta property=\"og:image:height\" content=\"54\" \/>\n\t<meta property=\"og:image:type\" content=\"image\/png\" \/>\n<meta name=\"twitter:card\" content=\"summary_large_image\" \/>\n<script type=\"application\/ld+json\" class=\"yoast-schema-graph\">{\"@context\":\"https:\/\/schema.org\",\"@graph\":[{\"@type\":\"WebPage\",\"@id\":\"https:\/\/capitalcientifica.com.mx\/tienda\/product\/gradilla-para-microtubos-rota-rack-duo-no-catalogo-hs-29041a\/\",\"url\":\"https:\/\/capitalcientifica.com.mx\/tienda\/product\/gradilla-para-microtubos-rota-rack-duo-no-catalogo-hs-29041a\/\",\"name\":\"GRADILLA PARA MICROTUBOS ROTA-RACK DUO - Capital Cient&iacute;fica\",\"isPartOf\":{\"@id\":\"https:\/\/capitalcientifica.com.mx\/tienda\/#website\"},\"primaryImageOfPage\":{\"@id\":\"https:\/\/capitalcientifica.com.mx\/tienda\/product\/gradilla-para-microtubos-rota-rack-duo-no-catalogo-hs-29041a\/#primaryimage\"},\"image\":{\"@id\":\"https:\/\/capitalcientifica.com.mx\/tienda\/product\/gradilla-para-microtubos-rota-rack-duo-no-catalogo-hs-29041a\/#primaryimage\"},\"thumbnailUrl\":\"https:\/\/capitalcientifica.com.mx\/tienda\/wp-content\/uploads\/2022\/02\/hs-29041a_0.png\",\"datePublished\":\"2022-02-20T23:20:36+00:00\",\"dateModified\":\"2023-02-16T18:07:55+00:00\",\"breadcrumb\":{\"@id\":\"https:\/\/capitalcientifica.com.mx\/tienda\/product\/gradilla-para-microtubos-rota-rack-duo-no-catalogo-hs-29041a\/#breadcrumb\"},\"inLanguage\":\"es\",\"potentialAction\":[{\"@type\":\"ReadAction\",\"target\":[\"https:\/\/capitalcientifica.com.mx\/tienda\/product\/gradilla-para-microtubos-rota-rack-duo-no-catalogo-hs-29041a\/\"]}]},{\"@type\":\"ImageObject\",\"inLanguage\":\"es\",\"@id\":\"https:\/\/capitalcientifica.com.mx\/tienda\/product\/gradilla-para-microtubos-rota-rack-duo-no-catalogo-hs-29041a\/#primaryimage\",\"url\":\"https:\/\/capitalcientifica.com.mx\/tienda\/wp-content\/uploads\/2022\/02\/hs-29041a_0.png\",\"contentUrl\":\"https:\/\/capitalcientifica.com.mx\/tienda\/wp-content\/uploads\/2022\/02\/hs-29041a_0.png\",\"width\":84,\"height\":54},{\"@type\":\"BreadcrumbList\",\"@id\":\"https:\/\/capitalcientifica.com.mx\/tienda\/product\/gradilla-para-microtubos-rota-rack-duo-no-catalogo-hs-29041a\/#breadcrumb\",\"itemListElement\":[{\"@type\":\"ListItem\",\"position\":1,\"name\":\"Portada\",\"item\":\"https:\/\/capitalcientifica.com.mx\/tienda\/\"},{\"@type\":\"ListItem\",\"position\":2,\"name\":\"Shop\",\"item\":\"https:\/\/capitalcientifica.com.mx\/tienda\/shop\/\"},{\"@type\":\"ListItem\",\"position\":3,\"name\":\"GRADILLA PARA MICROTUBOS ROTA-RACK DUO\"}]},{\"@type\":\"WebSite\",\"@id\":\"https:\/\/capitalcientifica.com.mx\/tienda\/#website\",\"url\":\"https:\/\/capitalcientifica.com.mx\/tienda\/\",\"name\":\"Capital Cient&iacute;fica\",\"description\":\"Equipo para laboratorio\",\"potentialAction\":[{\"@type\":\"SearchAction\",\"target\":{\"@type\":\"EntryPoint\",\"urlTemplate\":\"https:\/\/capitalcientifica.com.mx\/tienda\/?s={search_term_string}\"},\"query-input\":{\"@type\":\"PropertyValueSpecification\",\"valueRequired\":true,\"valueName\":\"search_term_string\"}}],\"inLanguage\":\"es\"}]}<\/script>\n<!-- \/ Yoast SEO plugin. -->","yoast_head_json":{"title":"GRADILLA PARA MICROTUBOS ROTA-RACK DUO - Capital Cient&iacute;fica","robots":{"index":"index","follow":"follow","max-snippet":"max-snippet:-1","max-image-preview":"max-image-preview:large","max-video-preview":"max-video-preview:-1"},"canonical":"https:\/\/capitalcientifica.com.mx\/tienda\/product\/gradilla-para-microtubos-rota-rack-duo-no-catalogo-hs-29041a\/","og_locale":"es_ES","og_type":"article","og_title":"GRADILLA PARA MICROTUBOS ROTA-RACK DUO - Capital Cient&iacute;fica","og_description":"GRADILLA PARA MICROTUBOS ROTA-RACK DUO No. Cat\u00e1logo\u00a0HS-29041A  Gradilla rotatoria para microtubos Rota-Rack-Duo, de 3 diferentes medidas de microtubo en polipropileno. Organ\u00edzate de forma divertida, gira cada m\u00f3dulo de forma independiente para configurar los tubos que necesitas, cada m\u00f3dulo tiene dos medidas diferentes, secci\u00f3n azul para microtubos de 0.2 mL por un lado y 1.5\/2.0 mL por el otro lado, secci\u00f3n morada para microtubos de 0.5 mL por un lado y 1.5\/2.0 mL por el otro lado, con identificaci\u00f3n alfanum\u00e9rica. Es autoclavable.","og_url":"https:\/\/capitalcientifica.com.mx\/tienda\/product\/gradilla-para-microtubos-rota-rack-duo-no-catalogo-hs-29041a\/","og_site_name":"Capital Cient&iacute;fica","article_modified_time":"2023-02-16T18:07:55+00:00","og_image":[{"width":84,"height":54,"url":"https:\/\/capitalcientifica.com.mx\/tienda\/wp-content\/uploads\/2022\/02\/hs-29041a_0.png","type":"image\/png"}],"twitter_card":"summary_large_image","schema":{"@context":"https:\/\/schema.org","@graph":[{"@type":"WebPage","@id":"https:\/\/capitalcientifica.com.mx\/tienda\/product\/gradilla-para-microtubos-rota-rack-duo-no-catalogo-hs-29041a\/","url":"https:\/\/capitalcientifica.com.mx\/tienda\/product\/gradilla-para-microtubos-rota-rack-duo-no-catalogo-hs-29041a\/","name":"GRADILLA PARA MICROTUBOS ROTA-RACK DUO - Capital Cient&iacute;fica","isPartOf":{"@id":"https:\/\/capitalcientifica.com.mx\/tienda\/#website"},"primaryImageOfPage":{"@id":"https:\/\/capitalcientifica.com.mx\/tienda\/product\/gradilla-para-microtubos-rota-rack-duo-no-catalogo-hs-29041a\/#primaryimage"},"image":{"@id":"https:\/\/capitalcientifica.com.mx\/tienda\/product\/gradilla-para-microtubos-rota-rack-duo-no-catalogo-hs-29041a\/#primaryimage"},"thumbnailUrl":"https:\/\/capitalcientifica.com.mx\/tienda\/wp-content\/uploads\/2022\/02\/hs-29041a_0.png","datePublished":"2022-02-20T23:20:36+00:00","dateModified":"2023-02-16T18:07:55+00:00","breadcrumb":{"@id":"https:\/\/capitalcientifica.com.mx\/tienda\/product\/gradilla-para-microtubos-rota-rack-duo-no-catalogo-hs-29041a\/#breadcrumb"},"inLanguage":"es","potentialAction":[{"@type":"ReadAction","target":["https:\/\/capitalcientifica.com.mx\/tienda\/product\/gradilla-para-microtubos-rota-rack-duo-no-catalogo-hs-29041a\/"]}]},{"@type":"ImageObject","inLanguage":"es","@id":"https:\/\/capitalcientifica.com.mx\/tienda\/product\/gradilla-para-microtubos-rota-rack-duo-no-catalogo-hs-29041a\/#primaryimage","url":"https:\/\/capitalcientifica.com.mx\/tienda\/wp-content\/uploads\/2022\/02\/hs-29041a_0.png","contentUrl":"https:\/\/capitalcientifica.com.mx\/tienda\/wp-content\/uploads\/2022\/02\/hs-29041a_0.png","width":84,"height":54},{"@type":"BreadcrumbList","@id":"https:\/\/capitalcientifica.com.mx\/tienda\/product\/gradilla-para-microtubos-rota-rack-duo-no-catalogo-hs-29041a\/#breadcrumb","itemListElement":[{"@type":"ListItem","position":1,"name":"Portada","item":"https:\/\/capitalcientifica.com.mx\/tienda\/"},{"@type":"ListItem","position":2,"name":"Shop","item":"https:\/\/capitalcientifica.com.mx\/tienda\/shop\/"},{"@type":"ListItem","position":3,"name":"GRADILLA PARA MICROTUBOS ROTA-RACK DUO"}]},{"@type":"WebSite","@id":"https:\/\/capitalcientifica.com.mx\/tienda\/#website","url":"https:\/\/capitalcientifica.com.mx\/tienda\/","name":"Capital Cient&iacute;fica","description":"Equipo para laboratorio","potentialAction":[{"@type":"SearchAction","target":{"@type":"EntryPoint","urlTemplate":"https:\/\/capitalcientifica.com.mx\/tienda\/?s={search_term_string}"},"query-input":{"@type":"PropertyValueSpecification","valueRequired":true,"valueName":"search_term_string"}}],"inLanguage":"es"}]}},"_links":{"self":[{"href":"https:\/\/capitalcientifica.com.mx\/tienda\/wp-json\/wp\/v2\/product\/4120","targetHints":{"allow":["GET"]}}],"collection":[{"href":"https:\/\/capitalcientifica.com.mx\/tienda\/wp-json\/wp\/v2\/product"}],"about":[{"href":"https:\/\/capitalcientifica.com.mx\/tienda\/wp-json\/wp\/v2\/types\/product"}],"replies":[{"embeddable":true,"href":"https:\/\/capitalcientifica.com.mx\/tienda\/wp-json\/wp\/v2\/comments?post=4120"}],"wp:featuredmedia":[{"embeddable":true,"href":"https:\/\/capitalcientifica.com.mx\/tienda\/wp-json\/wp\/v2\/media\/4121"}],"wp:attachment":[{"href":"https:\/\/capitalcientifica.com.mx\/tienda\/wp-json\/wp\/v2\/media?parent=4120"}],"wp:term":[{"taxonomy":"product_cat","embeddable":true,"href":"https:\/\/capitalcientifica.com.mx\/tienda\/wp-json\/wp\/v2\/product_cat?post=4120"},{"taxonomy":"product_tag","embeddable":true,"href":"https:\/\/capitalcientifica.com.mx\/tienda\/wp-json\/wp\/v2\/product_tag?post=4120"}],"curies":[{"name":"wp","href":"https:\/\/api.w.org\/{rel}","templated":true}]}}