{"id":3840,"date":"2022-02-15T20:42:49","date_gmt":"2022-02-15T20:42:49","guid":{"rendered":"https:\/\/www.capitalcientifica.com.mx\/?post_type=product&#038;p=3840"},"modified":"2023-02-28T23:45:42","modified_gmt":"2023-02-28T23:45:42","slug":"pipeteador-electrico-recargable-rf3000-no-catalogo-hs-3000","status":"publish","type":"product","link":"https:\/\/capitalcientifica.com.mx\/tienda\/product\/pipeteador-electrico-recargable-rf3000-no-catalogo-hs-3000\/","title":{"rendered":"PIPETEADOR EL\u00c9CTRICO RECARGABLE RF3000"},"content":{"rendered":"<p>PIPETEADOR EL\u00c9CTRICO RECARGABLE RF3000<\/p>\n<div class=\"product-id-stock\"><span class=\"product-id\"><span class=\"product-id-name\">No. Cat\u00e1logo<\/span>\u00a0<span class=\"product-id-value\">HS-3000<\/span><\/span><\/div>\n<div><\/div>\n<div>Pipeteador el\u00e9ctrico modelo RF3000 para pipetas, utilizado como auxiliar para un pipeteo c\u00f3modo y preciso, compatible con pipetas de 1 a 100 mL y resistente a rayos UV. Dise\u00f1o ergon\u00f3mico y equilibrado en la mano aun con pipetas cargadas.<\/div>\n","protected":false},"excerpt":{"rendered":"<p>PIPETEADOR EL\u00c9CTRICO RECARGABLE RF3000<\/p>\n<div class=\"product-id-stock\"><span class=\"product-id\"><span class=\"product-id-name\">No. Cat\u00e1logo<\/span>\u00a0<span class=\"product-id-value\">HS-3000<\/span><\/span><\/div>\n<div><\/div>\n<div>Pipeteador el\u00e9ctrico modelo RF3000 para pipetas, utilizado como auxiliar para un pipeteo c\u00f3modo y preciso, compatible con pipetas de 1 a 100 mL y resistente a rayos UV. Dise\u00f1o ergon\u00f3mico y equilibrado en la mano aun con pipetas cargadas.<\/div>\n","protected":false},"featured_media":3841,"comment_status":"open","ping_status":"closed","template":"","meta":{"_joinchat":[]},"product_cat":[119,41],"product_tag":[172,173,2224],"class_list":{"0":"post-3840","1":"product","2":"type-product","3":"status-publish","4":"has-post-thumbnail","6":"product_cat-equipos","7":"product_cat-heathrow-scientific","8":"product_tag-equipo-de-laboratorio","9":"product_tag-equipo-para-laboratorio","10":"product_tag-pipeteador-electrico-recargable-rf3000","12":"first","13":"instock","14":"shipping-taxable","15":"product-type-simple","16":"col-xs-6 col-sm-4","17":"col-md-3 col-lg-3","18":"un-4-cols"},"yoast_head":"<!-- This site is optimized with the Yoast SEO plugin v27.2 - https:\/\/yoast.com\/product\/yoast-seo-wordpress\/ -->\n<title>PIPETEADOR EL\u00c9CTRICO RECARGABLE RF3000 - Capital Cient&iacute;fica<\/title>\n<meta name=\"robots\" content=\"index, follow, max-snippet:-1, max-image-preview:large, max-video-preview:-1\" \/>\n<link rel=\"canonical\" href=\"https:\/\/capitalcientifica.com.mx\/tienda\/product\/pipeteador-electrico-recargable-rf3000-no-catalogo-hs-3000\/\" \/>\n<meta property=\"og:locale\" content=\"es_ES\" \/>\n<meta property=\"og:type\" content=\"article\" \/>\n<meta property=\"og:title\" content=\"PIPETEADOR EL\u00c9CTRICO RECARGABLE RF3000 - Capital Cient&iacute;fica\" \/>\n<meta property=\"og:description\" content=\"PIPETEADOR EL\u00c9CTRICO RECARGABLE RF3000 No. Cat\u00e1logo\u00a0HS-3000  Pipeteador el\u00e9ctrico modelo RF3000 para pipetas, utilizado como auxiliar para un pipeteo c\u00f3modo y preciso, compatible con pipetas de 1 a 100 mL y resistente a rayos UV. Dise\u00f1o ergon\u00f3mico y equilibrado en la mano aun con pipetas cargadas.\" \/>\n<meta property=\"og:url\" content=\"https:\/\/capitalcientifica.com.mx\/tienda\/product\/pipeteador-electrico-recargable-rf3000-no-catalogo-hs-3000\/\" \/>\n<meta property=\"og:site_name\" content=\"Capital Cient&iacute;fica\" \/>\n<meta property=\"article:modified_time\" content=\"2023-02-28T23:45:42+00:00\" \/>\n<meta property=\"og:image\" content=\"https:\/\/capitalcientifica.com.mx\/tienda\/wp-content\/uploads\/2022\/02\/hs-3000_0.png\" \/>\n\t<meta property=\"og:image:width\" content=\"64\" \/>\n\t<meta property=\"og:image:height\" content=\"84\" \/>\n\t<meta property=\"og:image:type\" content=\"image\/png\" \/>\n<meta name=\"twitter:card\" content=\"summary_large_image\" \/>\n<script type=\"application\/ld+json\" class=\"yoast-schema-graph\">{\"@context\":\"https:\/\/schema.org\",\"@graph\":[{\"@type\":\"WebPage\",\"@id\":\"https:\/\/capitalcientifica.com.mx\/tienda\/product\/pipeteador-electrico-recargable-rf3000-no-catalogo-hs-3000\/\",\"url\":\"https:\/\/capitalcientifica.com.mx\/tienda\/product\/pipeteador-electrico-recargable-rf3000-no-catalogo-hs-3000\/\",\"name\":\"PIPETEADOR EL\u00c9CTRICO RECARGABLE RF3000 - Capital Cient&iacute;fica\",\"isPartOf\":{\"@id\":\"https:\/\/capitalcientifica.com.mx\/tienda\/#website\"},\"primaryImageOfPage\":{\"@id\":\"https:\/\/capitalcientifica.com.mx\/tienda\/product\/pipeteador-electrico-recargable-rf3000-no-catalogo-hs-3000\/#primaryimage\"},\"image\":{\"@id\":\"https:\/\/capitalcientifica.com.mx\/tienda\/product\/pipeteador-electrico-recargable-rf3000-no-catalogo-hs-3000\/#primaryimage\"},\"thumbnailUrl\":\"https:\/\/capitalcientifica.com.mx\/tienda\/wp-content\/uploads\/2022\/02\/hs-3000_0.png\",\"datePublished\":\"2022-02-15T20:42:49+00:00\",\"dateModified\":\"2023-02-28T23:45:42+00:00\",\"breadcrumb\":{\"@id\":\"https:\/\/capitalcientifica.com.mx\/tienda\/product\/pipeteador-electrico-recargable-rf3000-no-catalogo-hs-3000\/#breadcrumb\"},\"inLanguage\":\"es\",\"potentialAction\":[{\"@type\":\"ReadAction\",\"target\":[\"https:\/\/capitalcientifica.com.mx\/tienda\/product\/pipeteador-electrico-recargable-rf3000-no-catalogo-hs-3000\/\"]}]},{\"@type\":\"ImageObject\",\"inLanguage\":\"es\",\"@id\":\"https:\/\/capitalcientifica.com.mx\/tienda\/product\/pipeteador-electrico-recargable-rf3000-no-catalogo-hs-3000\/#primaryimage\",\"url\":\"https:\/\/capitalcientifica.com.mx\/tienda\/wp-content\/uploads\/2022\/02\/hs-3000_0.png\",\"contentUrl\":\"https:\/\/capitalcientifica.com.mx\/tienda\/wp-content\/uploads\/2022\/02\/hs-3000_0.png\",\"width\":64,\"height\":84},{\"@type\":\"BreadcrumbList\",\"@id\":\"https:\/\/capitalcientifica.com.mx\/tienda\/product\/pipeteador-electrico-recargable-rf3000-no-catalogo-hs-3000\/#breadcrumb\",\"itemListElement\":[{\"@type\":\"ListItem\",\"position\":1,\"name\":\"Portada\",\"item\":\"https:\/\/capitalcientifica.com.mx\/tienda\/\"},{\"@type\":\"ListItem\",\"position\":2,\"name\":\"Shop\",\"item\":\"https:\/\/capitalcientifica.com.mx\/tienda\/shop\/\"},{\"@type\":\"ListItem\",\"position\":3,\"name\":\"PIPETEADOR EL\u00c9CTRICO RECARGABLE RF3000\"}]},{\"@type\":\"WebSite\",\"@id\":\"https:\/\/capitalcientifica.com.mx\/tienda\/#website\",\"url\":\"https:\/\/capitalcientifica.com.mx\/tienda\/\",\"name\":\"Capital Cient&iacute;fica\",\"description\":\"Equipo para laboratorio\",\"potentialAction\":[{\"@type\":\"SearchAction\",\"target\":{\"@type\":\"EntryPoint\",\"urlTemplate\":\"https:\/\/capitalcientifica.com.mx\/tienda\/?s={search_term_string}\"},\"query-input\":{\"@type\":\"PropertyValueSpecification\",\"valueRequired\":true,\"valueName\":\"search_term_string\"}}],\"inLanguage\":\"es\"}]}<\/script>\n<!-- \/ Yoast SEO plugin. -->","yoast_head_json":{"title":"PIPETEADOR EL\u00c9CTRICO RECARGABLE RF3000 - Capital Cient&iacute;fica","robots":{"index":"index","follow":"follow","max-snippet":"max-snippet:-1","max-image-preview":"max-image-preview:large","max-video-preview":"max-video-preview:-1"},"canonical":"https:\/\/capitalcientifica.com.mx\/tienda\/product\/pipeteador-electrico-recargable-rf3000-no-catalogo-hs-3000\/","og_locale":"es_ES","og_type":"article","og_title":"PIPETEADOR EL\u00c9CTRICO RECARGABLE RF3000 - Capital Cient&iacute;fica","og_description":"PIPETEADOR EL\u00c9CTRICO RECARGABLE RF3000 No. Cat\u00e1logo\u00a0HS-3000  Pipeteador el\u00e9ctrico modelo RF3000 para pipetas, utilizado como auxiliar para un pipeteo c\u00f3modo y preciso, compatible con pipetas de 1 a 100 mL y resistente a rayos UV. Dise\u00f1o ergon\u00f3mico y equilibrado en la mano aun con pipetas cargadas.","og_url":"https:\/\/capitalcientifica.com.mx\/tienda\/product\/pipeteador-electrico-recargable-rf3000-no-catalogo-hs-3000\/","og_site_name":"Capital Cient&iacute;fica","article_modified_time":"2023-02-28T23:45:42+00:00","og_image":[{"width":64,"height":84,"url":"https:\/\/capitalcientifica.com.mx\/tienda\/wp-content\/uploads\/2022\/02\/hs-3000_0.png","type":"image\/png"}],"twitter_card":"summary_large_image","schema":{"@context":"https:\/\/schema.org","@graph":[{"@type":"WebPage","@id":"https:\/\/capitalcientifica.com.mx\/tienda\/product\/pipeteador-electrico-recargable-rf3000-no-catalogo-hs-3000\/","url":"https:\/\/capitalcientifica.com.mx\/tienda\/product\/pipeteador-electrico-recargable-rf3000-no-catalogo-hs-3000\/","name":"PIPETEADOR EL\u00c9CTRICO RECARGABLE RF3000 - Capital Cient&iacute;fica","isPartOf":{"@id":"https:\/\/capitalcientifica.com.mx\/tienda\/#website"},"primaryImageOfPage":{"@id":"https:\/\/capitalcientifica.com.mx\/tienda\/product\/pipeteador-electrico-recargable-rf3000-no-catalogo-hs-3000\/#primaryimage"},"image":{"@id":"https:\/\/capitalcientifica.com.mx\/tienda\/product\/pipeteador-electrico-recargable-rf3000-no-catalogo-hs-3000\/#primaryimage"},"thumbnailUrl":"https:\/\/capitalcientifica.com.mx\/tienda\/wp-content\/uploads\/2022\/02\/hs-3000_0.png","datePublished":"2022-02-15T20:42:49+00:00","dateModified":"2023-02-28T23:45:42+00:00","breadcrumb":{"@id":"https:\/\/capitalcientifica.com.mx\/tienda\/product\/pipeteador-electrico-recargable-rf3000-no-catalogo-hs-3000\/#breadcrumb"},"inLanguage":"es","potentialAction":[{"@type":"ReadAction","target":["https:\/\/capitalcientifica.com.mx\/tienda\/product\/pipeteador-electrico-recargable-rf3000-no-catalogo-hs-3000\/"]}]},{"@type":"ImageObject","inLanguage":"es","@id":"https:\/\/capitalcientifica.com.mx\/tienda\/product\/pipeteador-electrico-recargable-rf3000-no-catalogo-hs-3000\/#primaryimage","url":"https:\/\/capitalcientifica.com.mx\/tienda\/wp-content\/uploads\/2022\/02\/hs-3000_0.png","contentUrl":"https:\/\/capitalcientifica.com.mx\/tienda\/wp-content\/uploads\/2022\/02\/hs-3000_0.png","width":64,"height":84},{"@type":"BreadcrumbList","@id":"https:\/\/capitalcientifica.com.mx\/tienda\/product\/pipeteador-electrico-recargable-rf3000-no-catalogo-hs-3000\/#breadcrumb","itemListElement":[{"@type":"ListItem","position":1,"name":"Portada","item":"https:\/\/capitalcientifica.com.mx\/tienda\/"},{"@type":"ListItem","position":2,"name":"Shop","item":"https:\/\/capitalcientifica.com.mx\/tienda\/shop\/"},{"@type":"ListItem","position":3,"name":"PIPETEADOR EL\u00c9CTRICO RECARGABLE RF3000"}]},{"@type":"WebSite","@id":"https:\/\/capitalcientifica.com.mx\/tienda\/#website","url":"https:\/\/capitalcientifica.com.mx\/tienda\/","name":"Capital Cient&iacute;fica","description":"Equipo para laboratorio","potentialAction":[{"@type":"SearchAction","target":{"@type":"EntryPoint","urlTemplate":"https:\/\/capitalcientifica.com.mx\/tienda\/?s={search_term_string}"},"query-input":{"@type":"PropertyValueSpecification","valueRequired":true,"valueName":"search_term_string"}}],"inLanguage":"es"}]}},"_links":{"self":[{"href":"https:\/\/capitalcientifica.com.mx\/tienda\/wp-json\/wp\/v2\/product\/3840","targetHints":{"allow":["GET"]}}],"collection":[{"href":"https:\/\/capitalcientifica.com.mx\/tienda\/wp-json\/wp\/v2\/product"}],"about":[{"href":"https:\/\/capitalcientifica.com.mx\/tienda\/wp-json\/wp\/v2\/types\/product"}],"replies":[{"embeddable":true,"href":"https:\/\/capitalcientifica.com.mx\/tienda\/wp-json\/wp\/v2\/comments?post=3840"}],"wp:featuredmedia":[{"embeddable":true,"href":"https:\/\/capitalcientifica.com.mx\/tienda\/wp-json\/wp\/v2\/media\/3841"}],"wp:attachment":[{"href":"https:\/\/capitalcientifica.com.mx\/tienda\/wp-json\/wp\/v2\/media?parent=3840"}],"wp:term":[{"taxonomy":"product_cat","embeddable":true,"href":"https:\/\/capitalcientifica.com.mx\/tienda\/wp-json\/wp\/v2\/product_cat?post=3840"},{"taxonomy":"product_tag","embeddable":true,"href":"https:\/\/capitalcientifica.com.mx\/tienda\/wp-json\/wp\/v2\/product_tag?post=3840"}],"curies":[{"name":"wp","href":"https:\/\/api.w.org\/{rel}","templated":true}]}}