{"id":3673,"date":"2022-02-09T20:06:22","date_gmt":"2022-02-09T20:06:22","guid":{"rendered":"https:\/\/www.capitalcientifica.com.mx\/?post_type=product&#038;p=3673"},"modified":"2023-02-14T17:55:00","modified_gmt":"2023-02-14T17:55:00","slug":"botella-dilucion-de-leche-200-ml-graduada-no-catalogo-kx-14925-160","status":"publish","type":"product","link":"https:\/\/capitalcientifica.com.mx\/tienda\/product\/botella-dilucion-de-leche-200-ml-graduada-no-catalogo-kx-14925-160\/","title":{"rendered":"BOTELLA DILUCI\u00d3N DE LECHE 200 ML GRADUADA"},"content":{"rendered":"<p><span>BOTELLA DILUCI\u00d3N DE LECHE 200 ML GRADUADA<\/span><\/p>\n<div class=\"product-id-stock\"><span class=\"product-id\"><span class=\"product-id-name\"><span>N\u00ba Cat\u00e1logo\u00a0<\/span><\/span><span class=\"product-id-value\"><span>KX-14925-160<\/span><\/span><\/span><\/div>\n<div><\/div>\n<div><span>Botella de forma cuadrada para la diluci\u00f3n de leche KIMAX \u00ae -35 en vidrio de borosilicato, dise\u00f1ada de acuerdo con los requisitos para botellas de diluci\u00f3n de leche que se encuentran en los \u00abM\u00e9todos est\u00e1ndar para el examen de productos l\u00e1cteos\u00bb, publicados por la Asociaci\u00f3n Americana de Salud P\u00fablica.<\/span><\/div>\n","protected":false},"excerpt":{"rendered":"<p><span>BOTELLA DILUCI\u00d3N DE LECHE 200 ML GRADUADA<\/span><\/p>\n<div class=\"product-id-stock\"><span class=\"product-id\"><span class=\"product-id-name\"><span>N\u00ba Cat\u00e1logo\u00a0<\/span><\/span><span class=\"product-id-value\"><span>KX-14925-160<\/span><\/span><\/span><\/div>\n<div><\/div>\n<div><span>Botella de forma cuadrada para la diluci\u00f3n de leche KIMAX \u00ae -35 en vidrio de borosilicato, dise\u00f1ada de acuerdo con los requisitos para botellas de diluci\u00f3n de leche que se encuentran en los \u00abM\u00e9todos est\u00e1ndar para el examen de productos l\u00e1cteos\u00bb, publicados por la Asociaci\u00f3n Americana de Salud P\u00fablica.<\/span><\/div>\n","protected":false},"featured_media":3670,"comment_status":"open","ping_status":"closed","template":"","meta":{"_joinchat":[]},"product_cat":[104,118],"product_tag":[595,172,173],"class_list":{"0":"post-3673","1":"product","2":"type-product","3":"status-publish","4":"has-post-thumbnail","6":"product_cat-kimax","7":"product_cat-otros","8":"product_tag-botella-dilucion-de-leche-200-ml-graduada","9":"product_tag-equipo-de-laboratorio","10":"product_tag-equipo-para-laboratorio","12":"first","13":"instock","14":"shipping-taxable","15":"product-type-simple","16":"col-xs-6 col-sm-4","17":"col-md-3 col-lg-3","18":"un-4-cols"},"yoast_head":"<!-- This site is optimized with the Yoast SEO plugin v27.2 - https:\/\/yoast.com\/product\/yoast-seo-wordpress\/ -->\n<title>BOTELLA DILUCI\u00d3N DE LECHE 200 ML GRADUADA - Capital Cient&iacute;fica<\/title>\n<meta name=\"robots\" content=\"index, follow, max-snippet:-1, max-image-preview:large, max-video-preview:-1\" \/>\n<link rel=\"canonical\" href=\"https:\/\/capitalcientifica.com.mx\/tienda\/product\/botella-dilucion-de-leche-200-ml-graduada-no-catalogo-kx-14925-160\/\" \/>\n<meta property=\"og:locale\" content=\"es_ES\" \/>\n<meta property=\"og:type\" content=\"article\" \/>\n<meta property=\"og:title\" content=\"BOTELLA DILUCI\u00d3N DE LECHE 200 ML GRADUADA - Capital Cient&iacute;fica\" \/>\n<meta property=\"og:description\" content=\"BOTELLA DILUCI\u00d3N DE LECHE 200 ML GRADUADA N\u00ba Cat\u00e1logo\u00a0KX-14925-160  Botella de forma cuadrada para la diluci\u00f3n de leche KIMAX \u00ae -35 en vidrio de borosilicato, dise\u00f1ada de acuerdo con los requisitos para botellas de diluci\u00f3n de leche que se encuentran en los &quot;M\u00e9todos est\u00e1ndar para el examen de productos l\u00e1cteos&quot;, publicados por la Asociaci\u00f3n Americana de Salud P\u00fablica.\" \/>\n<meta property=\"og:url\" content=\"https:\/\/capitalcientifica.com.mx\/tienda\/product\/botella-dilucion-de-leche-200-ml-graduada-no-catalogo-kx-14925-160\/\" \/>\n<meta property=\"og:site_name\" content=\"Capital Cient&iacute;fica\" \/>\n<meta property=\"article:modified_time\" content=\"2023-02-14T17:55:00+00:00\" \/>\n<meta property=\"og:image\" content=\"https:\/\/capitalcientifica.com.mx\/tienda\/wp-content\/uploads\/2022\/02\/kx-14250-200_0.png\" \/>\n\t<meta property=\"og:image:width\" content=\"69\" \/>\n\t<meta property=\"og:image:height\" content=\"84\" \/>\n\t<meta property=\"og:image:type\" content=\"image\/png\" \/>\n<meta name=\"twitter:card\" content=\"summary_large_image\" \/>\n<script type=\"application\/ld+json\" class=\"yoast-schema-graph\">{\"@context\":\"https:\/\/schema.org\",\"@graph\":[{\"@type\":\"WebPage\",\"@id\":\"https:\/\/capitalcientifica.com.mx\/tienda\/product\/botella-dilucion-de-leche-200-ml-graduada-no-catalogo-kx-14925-160\/\",\"url\":\"https:\/\/capitalcientifica.com.mx\/tienda\/product\/botella-dilucion-de-leche-200-ml-graduada-no-catalogo-kx-14925-160\/\",\"name\":\"BOTELLA DILUCI\u00d3N DE LECHE 200 ML GRADUADA - Capital Cient&iacute;fica\",\"isPartOf\":{\"@id\":\"https:\/\/capitalcientifica.com.mx\/tienda\/#website\"},\"primaryImageOfPage\":{\"@id\":\"https:\/\/capitalcientifica.com.mx\/tienda\/product\/botella-dilucion-de-leche-200-ml-graduada-no-catalogo-kx-14925-160\/#primaryimage\"},\"image\":{\"@id\":\"https:\/\/capitalcientifica.com.mx\/tienda\/product\/botella-dilucion-de-leche-200-ml-graduada-no-catalogo-kx-14925-160\/#primaryimage\"},\"thumbnailUrl\":\"https:\/\/capitalcientifica.com.mx\/tienda\/wp-content\/uploads\/2022\/02\/kx-14250-200_0.png\",\"datePublished\":\"2022-02-09T20:06:22+00:00\",\"dateModified\":\"2023-02-14T17:55:00+00:00\",\"breadcrumb\":{\"@id\":\"https:\/\/capitalcientifica.com.mx\/tienda\/product\/botella-dilucion-de-leche-200-ml-graduada-no-catalogo-kx-14925-160\/#breadcrumb\"},\"inLanguage\":\"es\",\"potentialAction\":[{\"@type\":\"ReadAction\",\"target\":[\"https:\/\/capitalcientifica.com.mx\/tienda\/product\/botella-dilucion-de-leche-200-ml-graduada-no-catalogo-kx-14925-160\/\"]}]},{\"@type\":\"ImageObject\",\"inLanguage\":\"es\",\"@id\":\"https:\/\/capitalcientifica.com.mx\/tienda\/product\/botella-dilucion-de-leche-200-ml-graduada-no-catalogo-kx-14925-160\/#primaryimage\",\"url\":\"https:\/\/capitalcientifica.com.mx\/tienda\/wp-content\/uploads\/2022\/02\/kx-14250-200_0.png\",\"contentUrl\":\"https:\/\/capitalcientifica.com.mx\/tienda\/wp-content\/uploads\/2022\/02\/kx-14250-200_0.png\",\"width\":69,\"height\":84},{\"@type\":\"BreadcrumbList\",\"@id\":\"https:\/\/capitalcientifica.com.mx\/tienda\/product\/botella-dilucion-de-leche-200-ml-graduada-no-catalogo-kx-14925-160\/#breadcrumb\",\"itemListElement\":[{\"@type\":\"ListItem\",\"position\":1,\"name\":\"Portada\",\"item\":\"https:\/\/capitalcientifica.com.mx\/tienda\/\"},{\"@type\":\"ListItem\",\"position\":2,\"name\":\"Shop\",\"item\":\"https:\/\/capitalcientifica.com.mx\/tienda\/shop\/\"},{\"@type\":\"ListItem\",\"position\":3,\"name\":\"BOTELLA DILUCI\u00d3N DE LECHE 200 ML GRADUADA\"}]},{\"@type\":\"WebSite\",\"@id\":\"https:\/\/capitalcientifica.com.mx\/tienda\/#website\",\"url\":\"https:\/\/capitalcientifica.com.mx\/tienda\/\",\"name\":\"Capital Cient&iacute;fica\",\"description\":\"Equipo para laboratorio\",\"potentialAction\":[{\"@type\":\"SearchAction\",\"target\":{\"@type\":\"EntryPoint\",\"urlTemplate\":\"https:\/\/capitalcientifica.com.mx\/tienda\/?s={search_term_string}\"},\"query-input\":{\"@type\":\"PropertyValueSpecification\",\"valueRequired\":true,\"valueName\":\"search_term_string\"}}],\"inLanguage\":\"es\"}]}<\/script>\n<!-- \/ Yoast SEO plugin. -->","yoast_head_json":{"title":"BOTELLA DILUCI\u00d3N DE LECHE 200 ML GRADUADA - Capital Cient&iacute;fica","robots":{"index":"index","follow":"follow","max-snippet":"max-snippet:-1","max-image-preview":"max-image-preview:large","max-video-preview":"max-video-preview:-1"},"canonical":"https:\/\/capitalcientifica.com.mx\/tienda\/product\/botella-dilucion-de-leche-200-ml-graduada-no-catalogo-kx-14925-160\/","og_locale":"es_ES","og_type":"article","og_title":"BOTELLA DILUCI\u00d3N DE LECHE 200 ML GRADUADA - Capital Cient&iacute;fica","og_description":"BOTELLA DILUCI\u00d3N DE LECHE 200 ML GRADUADA N\u00ba Cat\u00e1logo\u00a0KX-14925-160  Botella de forma cuadrada para la diluci\u00f3n de leche KIMAX \u00ae -35 en vidrio de borosilicato, dise\u00f1ada de acuerdo con los requisitos para botellas de diluci\u00f3n de leche que se encuentran en los \"M\u00e9todos est\u00e1ndar para el examen de productos l\u00e1cteos\", publicados por la Asociaci\u00f3n Americana de Salud P\u00fablica.","og_url":"https:\/\/capitalcientifica.com.mx\/tienda\/product\/botella-dilucion-de-leche-200-ml-graduada-no-catalogo-kx-14925-160\/","og_site_name":"Capital Cient&iacute;fica","article_modified_time":"2023-02-14T17:55:00+00:00","og_image":[{"width":69,"height":84,"url":"https:\/\/capitalcientifica.com.mx\/tienda\/wp-content\/uploads\/2022\/02\/kx-14250-200_0.png","type":"image\/png"}],"twitter_card":"summary_large_image","schema":{"@context":"https:\/\/schema.org","@graph":[{"@type":"WebPage","@id":"https:\/\/capitalcientifica.com.mx\/tienda\/product\/botella-dilucion-de-leche-200-ml-graduada-no-catalogo-kx-14925-160\/","url":"https:\/\/capitalcientifica.com.mx\/tienda\/product\/botella-dilucion-de-leche-200-ml-graduada-no-catalogo-kx-14925-160\/","name":"BOTELLA DILUCI\u00d3N DE LECHE 200 ML GRADUADA - Capital Cient&iacute;fica","isPartOf":{"@id":"https:\/\/capitalcientifica.com.mx\/tienda\/#website"},"primaryImageOfPage":{"@id":"https:\/\/capitalcientifica.com.mx\/tienda\/product\/botella-dilucion-de-leche-200-ml-graduada-no-catalogo-kx-14925-160\/#primaryimage"},"image":{"@id":"https:\/\/capitalcientifica.com.mx\/tienda\/product\/botella-dilucion-de-leche-200-ml-graduada-no-catalogo-kx-14925-160\/#primaryimage"},"thumbnailUrl":"https:\/\/capitalcientifica.com.mx\/tienda\/wp-content\/uploads\/2022\/02\/kx-14250-200_0.png","datePublished":"2022-02-09T20:06:22+00:00","dateModified":"2023-02-14T17:55:00+00:00","breadcrumb":{"@id":"https:\/\/capitalcientifica.com.mx\/tienda\/product\/botella-dilucion-de-leche-200-ml-graduada-no-catalogo-kx-14925-160\/#breadcrumb"},"inLanguage":"es","potentialAction":[{"@type":"ReadAction","target":["https:\/\/capitalcientifica.com.mx\/tienda\/product\/botella-dilucion-de-leche-200-ml-graduada-no-catalogo-kx-14925-160\/"]}]},{"@type":"ImageObject","inLanguage":"es","@id":"https:\/\/capitalcientifica.com.mx\/tienda\/product\/botella-dilucion-de-leche-200-ml-graduada-no-catalogo-kx-14925-160\/#primaryimage","url":"https:\/\/capitalcientifica.com.mx\/tienda\/wp-content\/uploads\/2022\/02\/kx-14250-200_0.png","contentUrl":"https:\/\/capitalcientifica.com.mx\/tienda\/wp-content\/uploads\/2022\/02\/kx-14250-200_0.png","width":69,"height":84},{"@type":"BreadcrumbList","@id":"https:\/\/capitalcientifica.com.mx\/tienda\/product\/botella-dilucion-de-leche-200-ml-graduada-no-catalogo-kx-14925-160\/#breadcrumb","itemListElement":[{"@type":"ListItem","position":1,"name":"Portada","item":"https:\/\/capitalcientifica.com.mx\/tienda\/"},{"@type":"ListItem","position":2,"name":"Shop","item":"https:\/\/capitalcientifica.com.mx\/tienda\/shop\/"},{"@type":"ListItem","position":3,"name":"BOTELLA DILUCI\u00d3N DE LECHE 200 ML GRADUADA"}]},{"@type":"WebSite","@id":"https:\/\/capitalcientifica.com.mx\/tienda\/#website","url":"https:\/\/capitalcientifica.com.mx\/tienda\/","name":"Capital Cient&iacute;fica","description":"Equipo para laboratorio","potentialAction":[{"@type":"SearchAction","target":{"@type":"EntryPoint","urlTemplate":"https:\/\/capitalcientifica.com.mx\/tienda\/?s={search_term_string}"},"query-input":{"@type":"PropertyValueSpecification","valueRequired":true,"valueName":"search_term_string"}}],"inLanguage":"es"}]}},"_links":{"self":[{"href":"https:\/\/capitalcientifica.com.mx\/tienda\/wp-json\/wp\/v2\/product\/3673","targetHints":{"allow":["GET"]}}],"collection":[{"href":"https:\/\/capitalcientifica.com.mx\/tienda\/wp-json\/wp\/v2\/product"}],"about":[{"href":"https:\/\/capitalcientifica.com.mx\/tienda\/wp-json\/wp\/v2\/types\/product"}],"replies":[{"embeddable":true,"href":"https:\/\/capitalcientifica.com.mx\/tienda\/wp-json\/wp\/v2\/comments?post=3673"}],"wp:featuredmedia":[{"embeddable":true,"href":"https:\/\/capitalcientifica.com.mx\/tienda\/wp-json\/wp\/v2\/media\/3670"}],"wp:attachment":[{"href":"https:\/\/capitalcientifica.com.mx\/tienda\/wp-json\/wp\/v2\/media?parent=3673"}],"wp:term":[{"taxonomy":"product_cat","embeddable":true,"href":"https:\/\/capitalcientifica.com.mx\/tienda\/wp-json\/wp\/v2\/product_cat?post=3673"},{"taxonomy":"product_tag","embeddable":true,"href":"https:\/\/capitalcientifica.com.mx\/tienda\/wp-json\/wp\/v2\/product_tag?post=3673"}],"curies":[{"name":"wp","href":"https:\/\/api.w.org\/{rel}","templated":true}]}}