{"id":3505,"date":"2022-02-09T16:49:37","date_gmt":"2022-02-09T16:49:37","guid":{"rendered":"https:\/\/www.capitalcientifica.com.mx\/?post_type=product&#038;p=3505"},"modified":"2023-02-28T20:59:52","modified_gmt":"2023-02-28T20:59:52","slug":"pipeta-bacteriologica-tapon-algodon-11-ml-ref-catalogo-kx-37081-110","status":"publish","type":"product","link":"https:\/\/capitalcientifica.com.mx\/tienda\/product\/pipeta-bacteriologica-tapon-algodon-11-ml-ref-catalogo-kx-37081-110\/","title":{"rendered":"PIPETA BACTERIOL\u00d3GICA TAP\u00d3N ALGOD\u00d3N 11 ML"},"content":{"rendered":"<p><span>PIPETA BACTERIOL\u00d3GICA TAP\u00d3N ALGOD\u00d3N 11 ML<\/span><\/p>\n<div class=\"product-id-stock\"><span class=\"product-id\"><span class=\"product-id-name\"><span>Ref . Cat\u00e1logo\u00a0<\/span><\/span><span class=\"product-id-value\"><span>KX-37081-110<\/span><\/span><\/span><\/div>\n<div><\/div>\n<div><span>Pipeta bacteriol\u00f3gica en vidrio de borosilicato con subdivisi\u00f3n permanente en color marr\u00f3n.\u00a0Para tapon de algodon en el extremo superior.\u00a0Entrega el volumen correcto sin necesidad de soplar y cumple las especificaciones para ASTM E1043 tipo V.<\/span><\/div>\n","protected":false},"excerpt":{"rendered":"<p><span>PIPETA BACTERIOL\u00d3GICA TAP\u00d3N ALGOD\u00d3N 11 ML<\/span><\/p>\n<div class=\"product-id-stock\"><span class=\"product-id\"><span class=\"product-id-name\"><span>Ref . Cat\u00e1logo\u00a0<\/span><\/span><span class=\"product-id-value\"><span>KX-37081-110<\/span><\/span><\/span><\/div>\n<div><\/div>\n<div><span>Pipeta bacteriol\u00f3gica en vidrio de borosilicato con subdivisi\u00f3n permanente en color marr\u00f3n.\u00a0Para tapon de algodon en el extremo superior.\u00a0Entrega el volumen correcto sin necesidad de soplar y cumple las especificaciones para ASTM E1043 tipo V.<\/span><\/div>\n","protected":false},"featured_media":3506,"comment_status":"open","ping_status":"closed","template":"","meta":{"_joinchat":[]},"product_cat":[104,116],"product_tag":[172,173,2109],"class_list":{"0":"post-3505","1":"product","2":"type-product","3":"status-publish","4":"has-post-thumbnail","6":"product_cat-kimax","7":"product_cat-pipetas-kimax","8":"product_tag-equipo-de-laboratorio","9":"product_tag-equipo-para-laboratorio","10":"product_tag-pipeta-bacteriologica-tapon-algodon-11-ml","12":"first","13":"instock","14":"shipping-taxable","15":"product-type-simple","16":"col-xs-6 col-sm-4","17":"col-md-3 col-lg-3","18":"un-4-cols"},"yoast_head":"<!-- This site is optimized with the Yoast SEO plugin v27.2 - https:\/\/yoast.com\/product\/yoast-seo-wordpress\/ -->\n<title>PIPETA BACTERIOL\u00d3GICA TAP\u00d3N ALGOD\u00d3N 11 ML - Capital Cient&iacute;fica<\/title>\n<meta name=\"robots\" content=\"index, follow, max-snippet:-1, max-image-preview:large, max-video-preview:-1\" \/>\n<link rel=\"canonical\" href=\"https:\/\/capitalcientifica.com.mx\/tienda\/product\/pipeta-bacteriologica-tapon-algodon-11-ml-ref-catalogo-kx-37081-110\/\" \/>\n<meta property=\"og:locale\" content=\"es_ES\" \/>\n<meta property=\"og:type\" content=\"article\" \/>\n<meta property=\"og:title\" content=\"PIPETA BACTERIOL\u00d3GICA TAP\u00d3N ALGOD\u00d3N 11 ML - Capital Cient&iacute;fica\" \/>\n<meta property=\"og:description\" content=\"PIPETA BACTERIOL\u00d3GICA TAP\u00d3N ALGOD\u00d3N 11 ML Ref . Cat\u00e1logo\u00a0KX-37081-110  Pipeta bacteriol\u00f3gica en vidrio de borosilicato con subdivisi\u00f3n permanente en color marr\u00f3n.\u00a0Para tapon de algodon en el extremo superior.\u00a0Entrega el volumen correcto sin necesidad de soplar y cumple las especificaciones para ASTM E1043 tipo V.\" \/>\n<meta property=\"og:url\" content=\"https:\/\/capitalcientifica.com.mx\/tienda\/product\/pipeta-bacteriologica-tapon-algodon-11-ml-ref-catalogo-kx-37081-110\/\" \/>\n<meta property=\"og:site_name\" content=\"Capital Cient&iacute;fica\" \/>\n<meta property=\"article:modified_time\" content=\"2023-02-28T20:59:52+00:00\" \/>\n<meta property=\"og:image\" content=\"https:\/\/capitalcientifica.com.mx\/tienda\/wp-content\/uploads\/2022\/02\/kx-37081-110_0.png\" \/>\n\t<meta property=\"og:image:width\" content=\"26\" \/>\n\t<meta property=\"og:image:height\" content=\"84\" \/>\n\t<meta property=\"og:image:type\" content=\"image\/png\" \/>\n<meta name=\"twitter:card\" content=\"summary_large_image\" \/>\n<script type=\"application\/ld+json\" class=\"yoast-schema-graph\">{\"@context\":\"https:\/\/schema.org\",\"@graph\":[{\"@type\":\"WebPage\",\"@id\":\"https:\/\/capitalcientifica.com.mx\/tienda\/product\/pipeta-bacteriologica-tapon-algodon-11-ml-ref-catalogo-kx-37081-110\/\",\"url\":\"https:\/\/capitalcientifica.com.mx\/tienda\/product\/pipeta-bacteriologica-tapon-algodon-11-ml-ref-catalogo-kx-37081-110\/\",\"name\":\"PIPETA BACTERIOL\u00d3GICA TAP\u00d3N ALGOD\u00d3N 11 ML - Capital Cient&iacute;fica\",\"isPartOf\":{\"@id\":\"https:\/\/capitalcientifica.com.mx\/tienda\/#website\"},\"primaryImageOfPage\":{\"@id\":\"https:\/\/capitalcientifica.com.mx\/tienda\/product\/pipeta-bacteriologica-tapon-algodon-11-ml-ref-catalogo-kx-37081-110\/#primaryimage\"},\"image\":{\"@id\":\"https:\/\/capitalcientifica.com.mx\/tienda\/product\/pipeta-bacteriologica-tapon-algodon-11-ml-ref-catalogo-kx-37081-110\/#primaryimage\"},\"thumbnailUrl\":\"https:\/\/capitalcientifica.com.mx\/tienda\/wp-content\/uploads\/2022\/02\/kx-37081-110_0.png\",\"datePublished\":\"2022-02-09T16:49:37+00:00\",\"dateModified\":\"2023-02-28T20:59:52+00:00\",\"breadcrumb\":{\"@id\":\"https:\/\/capitalcientifica.com.mx\/tienda\/product\/pipeta-bacteriologica-tapon-algodon-11-ml-ref-catalogo-kx-37081-110\/#breadcrumb\"},\"inLanguage\":\"es\",\"potentialAction\":[{\"@type\":\"ReadAction\",\"target\":[\"https:\/\/capitalcientifica.com.mx\/tienda\/product\/pipeta-bacteriologica-tapon-algodon-11-ml-ref-catalogo-kx-37081-110\/\"]}]},{\"@type\":\"ImageObject\",\"inLanguage\":\"es\",\"@id\":\"https:\/\/capitalcientifica.com.mx\/tienda\/product\/pipeta-bacteriologica-tapon-algodon-11-ml-ref-catalogo-kx-37081-110\/#primaryimage\",\"url\":\"https:\/\/capitalcientifica.com.mx\/tienda\/wp-content\/uploads\/2022\/02\/kx-37081-110_0.png\",\"contentUrl\":\"https:\/\/capitalcientifica.com.mx\/tienda\/wp-content\/uploads\/2022\/02\/kx-37081-110_0.png\",\"width\":26,\"height\":84},{\"@type\":\"BreadcrumbList\",\"@id\":\"https:\/\/capitalcientifica.com.mx\/tienda\/product\/pipeta-bacteriologica-tapon-algodon-11-ml-ref-catalogo-kx-37081-110\/#breadcrumb\",\"itemListElement\":[{\"@type\":\"ListItem\",\"position\":1,\"name\":\"Portada\",\"item\":\"https:\/\/capitalcientifica.com.mx\/tienda\/\"},{\"@type\":\"ListItem\",\"position\":2,\"name\":\"Shop\",\"item\":\"https:\/\/capitalcientifica.com.mx\/tienda\/shop\/\"},{\"@type\":\"ListItem\",\"position\":3,\"name\":\"PIPETA BACTERIOL\u00d3GICA TAP\u00d3N ALGOD\u00d3N 11 ML\"}]},{\"@type\":\"WebSite\",\"@id\":\"https:\/\/capitalcientifica.com.mx\/tienda\/#website\",\"url\":\"https:\/\/capitalcientifica.com.mx\/tienda\/\",\"name\":\"Capital Cient&iacute;fica\",\"description\":\"Equipo para laboratorio\",\"potentialAction\":[{\"@type\":\"SearchAction\",\"target\":{\"@type\":\"EntryPoint\",\"urlTemplate\":\"https:\/\/capitalcientifica.com.mx\/tienda\/?s={search_term_string}\"},\"query-input\":{\"@type\":\"PropertyValueSpecification\",\"valueRequired\":true,\"valueName\":\"search_term_string\"}}],\"inLanguage\":\"es\"}]}<\/script>\n<!-- \/ Yoast SEO plugin. -->","yoast_head_json":{"title":"PIPETA BACTERIOL\u00d3GICA TAP\u00d3N ALGOD\u00d3N 11 ML - Capital Cient&iacute;fica","robots":{"index":"index","follow":"follow","max-snippet":"max-snippet:-1","max-image-preview":"max-image-preview:large","max-video-preview":"max-video-preview:-1"},"canonical":"https:\/\/capitalcientifica.com.mx\/tienda\/product\/pipeta-bacteriologica-tapon-algodon-11-ml-ref-catalogo-kx-37081-110\/","og_locale":"es_ES","og_type":"article","og_title":"PIPETA BACTERIOL\u00d3GICA TAP\u00d3N ALGOD\u00d3N 11 ML - Capital Cient&iacute;fica","og_description":"PIPETA BACTERIOL\u00d3GICA TAP\u00d3N ALGOD\u00d3N 11 ML Ref . Cat\u00e1logo\u00a0KX-37081-110  Pipeta bacteriol\u00f3gica en vidrio de borosilicato con subdivisi\u00f3n permanente en color marr\u00f3n.\u00a0Para tapon de algodon en el extremo superior.\u00a0Entrega el volumen correcto sin necesidad de soplar y cumple las especificaciones para ASTM E1043 tipo V.","og_url":"https:\/\/capitalcientifica.com.mx\/tienda\/product\/pipeta-bacteriologica-tapon-algodon-11-ml-ref-catalogo-kx-37081-110\/","og_site_name":"Capital Cient&iacute;fica","article_modified_time":"2023-02-28T20:59:52+00:00","og_image":[{"width":26,"height":84,"url":"https:\/\/capitalcientifica.com.mx\/tienda\/wp-content\/uploads\/2022\/02\/kx-37081-110_0.png","type":"image\/png"}],"twitter_card":"summary_large_image","schema":{"@context":"https:\/\/schema.org","@graph":[{"@type":"WebPage","@id":"https:\/\/capitalcientifica.com.mx\/tienda\/product\/pipeta-bacteriologica-tapon-algodon-11-ml-ref-catalogo-kx-37081-110\/","url":"https:\/\/capitalcientifica.com.mx\/tienda\/product\/pipeta-bacteriologica-tapon-algodon-11-ml-ref-catalogo-kx-37081-110\/","name":"PIPETA BACTERIOL\u00d3GICA TAP\u00d3N ALGOD\u00d3N 11 ML - Capital Cient&iacute;fica","isPartOf":{"@id":"https:\/\/capitalcientifica.com.mx\/tienda\/#website"},"primaryImageOfPage":{"@id":"https:\/\/capitalcientifica.com.mx\/tienda\/product\/pipeta-bacteriologica-tapon-algodon-11-ml-ref-catalogo-kx-37081-110\/#primaryimage"},"image":{"@id":"https:\/\/capitalcientifica.com.mx\/tienda\/product\/pipeta-bacteriologica-tapon-algodon-11-ml-ref-catalogo-kx-37081-110\/#primaryimage"},"thumbnailUrl":"https:\/\/capitalcientifica.com.mx\/tienda\/wp-content\/uploads\/2022\/02\/kx-37081-110_0.png","datePublished":"2022-02-09T16:49:37+00:00","dateModified":"2023-02-28T20:59:52+00:00","breadcrumb":{"@id":"https:\/\/capitalcientifica.com.mx\/tienda\/product\/pipeta-bacteriologica-tapon-algodon-11-ml-ref-catalogo-kx-37081-110\/#breadcrumb"},"inLanguage":"es","potentialAction":[{"@type":"ReadAction","target":["https:\/\/capitalcientifica.com.mx\/tienda\/product\/pipeta-bacteriologica-tapon-algodon-11-ml-ref-catalogo-kx-37081-110\/"]}]},{"@type":"ImageObject","inLanguage":"es","@id":"https:\/\/capitalcientifica.com.mx\/tienda\/product\/pipeta-bacteriologica-tapon-algodon-11-ml-ref-catalogo-kx-37081-110\/#primaryimage","url":"https:\/\/capitalcientifica.com.mx\/tienda\/wp-content\/uploads\/2022\/02\/kx-37081-110_0.png","contentUrl":"https:\/\/capitalcientifica.com.mx\/tienda\/wp-content\/uploads\/2022\/02\/kx-37081-110_0.png","width":26,"height":84},{"@type":"BreadcrumbList","@id":"https:\/\/capitalcientifica.com.mx\/tienda\/product\/pipeta-bacteriologica-tapon-algodon-11-ml-ref-catalogo-kx-37081-110\/#breadcrumb","itemListElement":[{"@type":"ListItem","position":1,"name":"Portada","item":"https:\/\/capitalcientifica.com.mx\/tienda\/"},{"@type":"ListItem","position":2,"name":"Shop","item":"https:\/\/capitalcientifica.com.mx\/tienda\/shop\/"},{"@type":"ListItem","position":3,"name":"PIPETA BACTERIOL\u00d3GICA TAP\u00d3N ALGOD\u00d3N 11 ML"}]},{"@type":"WebSite","@id":"https:\/\/capitalcientifica.com.mx\/tienda\/#website","url":"https:\/\/capitalcientifica.com.mx\/tienda\/","name":"Capital Cient&iacute;fica","description":"Equipo para laboratorio","potentialAction":[{"@type":"SearchAction","target":{"@type":"EntryPoint","urlTemplate":"https:\/\/capitalcientifica.com.mx\/tienda\/?s={search_term_string}"},"query-input":{"@type":"PropertyValueSpecification","valueRequired":true,"valueName":"search_term_string"}}],"inLanguage":"es"}]}},"_links":{"self":[{"href":"https:\/\/capitalcientifica.com.mx\/tienda\/wp-json\/wp\/v2\/product\/3505","targetHints":{"allow":["GET"]}}],"collection":[{"href":"https:\/\/capitalcientifica.com.mx\/tienda\/wp-json\/wp\/v2\/product"}],"about":[{"href":"https:\/\/capitalcientifica.com.mx\/tienda\/wp-json\/wp\/v2\/types\/product"}],"replies":[{"embeddable":true,"href":"https:\/\/capitalcientifica.com.mx\/tienda\/wp-json\/wp\/v2\/comments?post=3505"}],"wp:featuredmedia":[{"embeddable":true,"href":"https:\/\/capitalcientifica.com.mx\/tienda\/wp-json\/wp\/v2\/media\/3506"}],"wp:attachment":[{"href":"https:\/\/capitalcientifica.com.mx\/tienda\/wp-json\/wp\/v2\/media?parent=3505"}],"wp:term":[{"taxonomy":"product_cat","embeddable":true,"href":"https:\/\/capitalcientifica.com.mx\/tienda\/wp-json\/wp\/v2\/product_cat?post=3505"},{"taxonomy":"product_tag","embeddable":true,"href":"https:\/\/capitalcientifica.com.mx\/tienda\/wp-json\/wp\/v2\/product_tag?post=3505"}],"curies":[{"name":"wp","href":"https:\/\/api.w.org\/{rel}","templated":true}]}}