{"id":3330,"date":"2022-02-08T23:11:11","date_gmt":"2022-02-08T23:11:11","guid":{"rendered":"https:\/\/www.capitalcientifica.com.mx\/?post_type=product&#038;p=3330"},"modified":"2023-02-14T21:10:09","modified_gmt":"2023-02-14T21:10:09","slug":"desecador-para-vacio-de-vidrio-con-tapa-250-mm-ref-catalogo-kx-31200-250","status":"publish","type":"product","link":"https:\/\/capitalcientifica.com.mx\/tienda\/product\/desecador-para-vacio-de-vidrio-con-tapa-250-mm-ref-catalogo-kx-31200-250\/","title":{"rendered":"DESECADOR PARA VAC\u00cdO DE VIDRIO CON TAPA 250 MM"},"content":{"rendered":"<p><span>DESECADOR PARA VAC\u00cdO DE VIDRIO CON TAPA 250 MM<\/span><\/p>\n<div class=\"product-id-stock\"><span class=\"product-id\"><span class=\"product-id-name\"><span>Ref . Cat\u00e1logo\u00a0<\/span><\/span><span class=\"product-id-value\"><span>KX-31200-250<\/span><\/span><\/span><\/div>\n<div><\/div>\n<div>Desecador de vidrio para vac\u00edo con tapa es ideal para el almacenamiento de productos qu\u00edmicos higrosc\u00f3picos, evita la absorci\u00f3n de humedad en aplicaciones donde se requiere desecar al vac\u00edo. Tapa superior de vidrio con v\u00e1lvula de collar giratoria para facilitar la deshidrataci\u00f3n al vac\u00edo. Incluye tapa con v\u00e1lvula de collar, base para contener desecante, placa de metal incluida y fabricado con vidrio cal soda.<\/div>\n","protected":false},"excerpt":{"rendered":"<p><span>DESECADOR PARA VAC\u00cdO DE VIDRIO CON TAPA 250 MM<\/span><\/p>\n<div class=\"product-id-stock\"><span class=\"product-id\"><span class=\"product-id-name\"><span>Ref . Cat\u00e1logo\u00a0<\/span><\/span><span class=\"product-id-value\"><span>KX-31200-250<\/span><\/span><\/span><\/div>\n<div><\/div>\n<div>Desecador de vidrio para vac\u00edo con tapa es ideal para el almacenamiento de productos qu\u00edmicos higrosc\u00f3picos, evita la absorci\u00f3n de humedad en aplicaciones donde se requiere desecar al vac\u00edo. Tapa superior de vidrio con v\u00e1lvula de collar giratoria para facilitar la deshidrataci\u00f3n al vac\u00edo. Incluye tapa con v\u00e1lvula de collar, base para contener desecante, placa de metal incluida y fabricado con vidrio cal soda.<\/div>\n","protected":false},"featured_media":3328,"comment_status":"open","ping_status":"closed","template":"","meta":{"_joinchat":[]},"product_cat":[114,104],"product_tag":[837,172,173],"class_list":{"0":"post-3330","1":"product","2":"type-product","3":"status-publish","4":"has-post-thumbnail","6":"product_cat-dessecadores","7":"product_cat-kimax","8":"product_tag-desecador-para-vacio-de-vidrio-con-tapa-250-mm","9":"product_tag-equipo-de-laboratorio","10":"product_tag-equipo-para-laboratorio","12":"first","13":"instock","14":"shipping-taxable","15":"product-type-simple","16":"col-xs-6 col-sm-4","17":"col-md-3 col-lg-3","18":"un-4-cols"},"yoast_head":"<!-- This site is optimized with the Yoast SEO plugin v27.2 - https:\/\/yoast.com\/product\/yoast-seo-wordpress\/ -->\n<title>DESECADOR PARA VAC\u00cdO DE VIDRIO CON TAPA 250 MM - Capital Cient&iacute;fica<\/title>\n<meta name=\"robots\" content=\"index, follow, max-snippet:-1, max-image-preview:large, max-video-preview:-1\" \/>\n<link rel=\"canonical\" href=\"https:\/\/capitalcientifica.com.mx\/tienda\/product\/desecador-para-vacio-de-vidrio-con-tapa-250-mm-ref-catalogo-kx-31200-250\/\" \/>\n<meta property=\"og:locale\" content=\"es_ES\" \/>\n<meta property=\"og:type\" content=\"article\" \/>\n<meta property=\"og:title\" content=\"DESECADOR PARA VAC\u00cdO DE VIDRIO CON TAPA 250 MM - Capital Cient&iacute;fica\" \/>\n<meta property=\"og:description\" content=\"DESECADOR PARA VAC\u00cdO DE VIDRIO CON TAPA 250 MM Ref . Cat\u00e1logo\u00a0KX-31200-250  Desecador de vidrio para vac\u00edo con tapa es ideal para el almacenamiento de productos qu\u00edmicos higrosc\u00f3picos, evita la absorci\u00f3n de humedad en aplicaciones donde se requiere desecar al vac\u00edo. Tapa superior de vidrio con v\u00e1lvula de collar giratoria para facilitar la deshidrataci\u00f3n al vac\u00edo. Incluye tapa con v\u00e1lvula de collar, base para contener desecante, placa de metal incluida y fabricado con vidrio cal soda.\" \/>\n<meta property=\"og:url\" content=\"https:\/\/capitalcientifica.com.mx\/tienda\/product\/desecador-para-vacio-de-vidrio-con-tapa-250-mm-ref-catalogo-kx-31200-250\/\" \/>\n<meta property=\"og:site_name\" content=\"Capital Cient&iacute;fica\" \/>\n<meta property=\"article:modified_time\" content=\"2023-02-14T21:10:09+00:00\" \/>\n<meta property=\"og:image\" content=\"https:\/\/capitalcientifica.com.mx\/tienda\/wp-content\/uploads\/2022\/02\/kx-31200-150_0.png\" \/>\n\t<meta property=\"og:image:width\" content=\"68\" \/>\n\t<meta property=\"og:image:height\" content=\"84\" \/>\n\t<meta property=\"og:image:type\" content=\"image\/png\" \/>\n<meta name=\"twitter:card\" content=\"summary_large_image\" \/>\n<script type=\"application\/ld+json\" class=\"yoast-schema-graph\">{\"@context\":\"https:\/\/schema.org\",\"@graph\":[{\"@type\":\"WebPage\",\"@id\":\"https:\/\/capitalcientifica.com.mx\/tienda\/product\/desecador-para-vacio-de-vidrio-con-tapa-250-mm-ref-catalogo-kx-31200-250\/\",\"url\":\"https:\/\/capitalcientifica.com.mx\/tienda\/product\/desecador-para-vacio-de-vidrio-con-tapa-250-mm-ref-catalogo-kx-31200-250\/\",\"name\":\"DESECADOR PARA VAC\u00cdO DE VIDRIO CON TAPA 250 MM - Capital Cient&iacute;fica\",\"isPartOf\":{\"@id\":\"https:\/\/capitalcientifica.com.mx\/tienda\/#website\"},\"primaryImageOfPage\":{\"@id\":\"https:\/\/capitalcientifica.com.mx\/tienda\/product\/desecador-para-vacio-de-vidrio-con-tapa-250-mm-ref-catalogo-kx-31200-250\/#primaryimage\"},\"image\":{\"@id\":\"https:\/\/capitalcientifica.com.mx\/tienda\/product\/desecador-para-vacio-de-vidrio-con-tapa-250-mm-ref-catalogo-kx-31200-250\/#primaryimage\"},\"thumbnailUrl\":\"https:\/\/capitalcientifica.com.mx\/tienda\/wp-content\/uploads\/2022\/02\/kx-31200-150_0.png\",\"datePublished\":\"2022-02-08T23:11:11+00:00\",\"dateModified\":\"2023-02-14T21:10:09+00:00\",\"breadcrumb\":{\"@id\":\"https:\/\/capitalcientifica.com.mx\/tienda\/product\/desecador-para-vacio-de-vidrio-con-tapa-250-mm-ref-catalogo-kx-31200-250\/#breadcrumb\"},\"inLanguage\":\"es\",\"potentialAction\":[{\"@type\":\"ReadAction\",\"target\":[\"https:\/\/capitalcientifica.com.mx\/tienda\/product\/desecador-para-vacio-de-vidrio-con-tapa-250-mm-ref-catalogo-kx-31200-250\/\"]}]},{\"@type\":\"ImageObject\",\"inLanguage\":\"es\",\"@id\":\"https:\/\/capitalcientifica.com.mx\/tienda\/product\/desecador-para-vacio-de-vidrio-con-tapa-250-mm-ref-catalogo-kx-31200-250\/#primaryimage\",\"url\":\"https:\/\/capitalcientifica.com.mx\/tienda\/wp-content\/uploads\/2022\/02\/kx-31200-150_0.png\",\"contentUrl\":\"https:\/\/capitalcientifica.com.mx\/tienda\/wp-content\/uploads\/2022\/02\/kx-31200-150_0.png\",\"width\":68,\"height\":84},{\"@type\":\"BreadcrumbList\",\"@id\":\"https:\/\/capitalcientifica.com.mx\/tienda\/product\/desecador-para-vacio-de-vidrio-con-tapa-250-mm-ref-catalogo-kx-31200-250\/#breadcrumb\",\"itemListElement\":[{\"@type\":\"ListItem\",\"position\":1,\"name\":\"Portada\",\"item\":\"https:\/\/capitalcientifica.com.mx\/tienda\/\"},{\"@type\":\"ListItem\",\"position\":2,\"name\":\"Shop\",\"item\":\"https:\/\/capitalcientifica.com.mx\/tienda\/shop\/\"},{\"@type\":\"ListItem\",\"position\":3,\"name\":\"DESECADOR PARA VAC\u00cdO DE VIDRIO CON TAPA 250 MM\"}]},{\"@type\":\"WebSite\",\"@id\":\"https:\/\/capitalcientifica.com.mx\/tienda\/#website\",\"url\":\"https:\/\/capitalcientifica.com.mx\/tienda\/\",\"name\":\"Capital Cient&iacute;fica\",\"description\":\"Equipo para laboratorio\",\"potentialAction\":[{\"@type\":\"SearchAction\",\"target\":{\"@type\":\"EntryPoint\",\"urlTemplate\":\"https:\/\/capitalcientifica.com.mx\/tienda\/?s={search_term_string}\"},\"query-input\":{\"@type\":\"PropertyValueSpecification\",\"valueRequired\":true,\"valueName\":\"search_term_string\"}}],\"inLanguage\":\"es\"}]}<\/script>\n<!-- \/ Yoast SEO plugin. -->","yoast_head_json":{"title":"DESECADOR PARA VAC\u00cdO DE VIDRIO CON TAPA 250 MM - Capital Cient&iacute;fica","robots":{"index":"index","follow":"follow","max-snippet":"max-snippet:-1","max-image-preview":"max-image-preview:large","max-video-preview":"max-video-preview:-1"},"canonical":"https:\/\/capitalcientifica.com.mx\/tienda\/product\/desecador-para-vacio-de-vidrio-con-tapa-250-mm-ref-catalogo-kx-31200-250\/","og_locale":"es_ES","og_type":"article","og_title":"DESECADOR PARA VAC\u00cdO DE VIDRIO CON TAPA 250 MM - Capital Cient&iacute;fica","og_description":"DESECADOR PARA VAC\u00cdO DE VIDRIO CON TAPA 250 MM Ref . Cat\u00e1logo\u00a0KX-31200-250  Desecador de vidrio para vac\u00edo con tapa es ideal para el almacenamiento de productos qu\u00edmicos higrosc\u00f3picos, evita la absorci\u00f3n de humedad en aplicaciones donde se requiere desecar al vac\u00edo. Tapa superior de vidrio con v\u00e1lvula de collar giratoria para facilitar la deshidrataci\u00f3n al vac\u00edo. Incluye tapa con v\u00e1lvula de collar, base para contener desecante, placa de metal incluida y fabricado con vidrio cal soda.","og_url":"https:\/\/capitalcientifica.com.mx\/tienda\/product\/desecador-para-vacio-de-vidrio-con-tapa-250-mm-ref-catalogo-kx-31200-250\/","og_site_name":"Capital Cient&iacute;fica","article_modified_time":"2023-02-14T21:10:09+00:00","og_image":[{"width":68,"height":84,"url":"https:\/\/capitalcientifica.com.mx\/tienda\/wp-content\/uploads\/2022\/02\/kx-31200-150_0.png","type":"image\/png"}],"twitter_card":"summary_large_image","schema":{"@context":"https:\/\/schema.org","@graph":[{"@type":"WebPage","@id":"https:\/\/capitalcientifica.com.mx\/tienda\/product\/desecador-para-vacio-de-vidrio-con-tapa-250-mm-ref-catalogo-kx-31200-250\/","url":"https:\/\/capitalcientifica.com.mx\/tienda\/product\/desecador-para-vacio-de-vidrio-con-tapa-250-mm-ref-catalogo-kx-31200-250\/","name":"DESECADOR PARA VAC\u00cdO DE VIDRIO CON TAPA 250 MM - Capital Cient&iacute;fica","isPartOf":{"@id":"https:\/\/capitalcientifica.com.mx\/tienda\/#website"},"primaryImageOfPage":{"@id":"https:\/\/capitalcientifica.com.mx\/tienda\/product\/desecador-para-vacio-de-vidrio-con-tapa-250-mm-ref-catalogo-kx-31200-250\/#primaryimage"},"image":{"@id":"https:\/\/capitalcientifica.com.mx\/tienda\/product\/desecador-para-vacio-de-vidrio-con-tapa-250-mm-ref-catalogo-kx-31200-250\/#primaryimage"},"thumbnailUrl":"https:\/\/capitalcientifica.com.mx\/tienda\/wp-content\/uploads\/2022\/02\/kx-31200-150_0.png","datePublished":"2022-02-08T23:11:11+00:00","dateModified":"2023-02-14T21:10:09+00:00","breadcrumb":{"@id":"https:\/\/capitalcientifica.com.mx\/tienda\/product\/desecador-para-vacio-de-vidrio-con-tapa-250-mm-ref-catalogo-kx-31200-250\/#breadcrumb"},"inLanguage":"es","potentialAction":[{"@type":"ReadAction","target":["https:\/\/capitalcientifica.com.mx\/tienda\/product\/desecador-para-vacio-de-vidrio-con-tapa-250-mm-ref-catalogo-kx-31200-250\/"]}]},{"@type":"ImageObject","inLanguage":"es","@id":"https:\/\/capitalcientifica.com.mx\/tienda\/product\/desecador-para-vacio-de-vidrio-con-tapa-250-mm-ref-catalogo-kx-31200-250\/#primaryimage","url":"https:\/\/capitalcientifica.com.mx\/tienda\/wp-content\/uploads\/2022\/02\/kx-31200-150_0.png","contentUrl":"https:\/\/capitalcientifica.com.mx\/tienda\/wp-content\/uploads\/2022\/02\/kx-31200-150_0.png","width":68,"height":84},{"@type":"BreadcrumbList","@id":"https:\/\/capitalcientifica.com.mx\/tienda\/product\/desecador-para-vacio-de-vidrio-con-tapa-250-mm-ref-catalogo-kx-31200-250\/#breadcrumb","itemListElement":[{"@type":"ListItem","position":1,"name":"Portada","item":"https:\/\/capitalcientifica.com.mx\/tienda\/"},{"@type":"ListItem","position":2,"name":"Shop","item":"https:\/\/capitalcientifica.com.mx\/tienda\/shop\/"},{"@type":"ListItem","position":3,"name":"DESECADOR PARA VAC\u00cdO DE VIDRIO CON TAPA 250 MM"}]},{"@type":"WebSite","@id":"https:\/\/capitalcientifica.com.mx\/tienda\/#website","url":"https:\/\/capitalcientifica.com.mx\/tienda\/","name":"Capital Cient&iacute;fica","description":"Equipo para laboratorio","potentialAction":[{"@type":"SearchAction","target":{"@type":"EntryPoint","urlTemplate":"https:\/\/capitalcientifica.com.mx\/tienda\/?s={search_term_string}"},"query-input":{"@type":"PropertyValueSpecification","valueRequired":true,"valueName":"search_term_string"}}],"inLanguage":"es"}]}},"_links":{"self":[{"href":"https:\/\/capitalcientifica.com.mx\/tienda\/wp-json\/wp\/v2\/product\/3330","targetHints":{"allow":["GET"]}}],"collection":[{"href":"https:\/\/capitalcientifica.com.mx\/tienda\/wp-json\/wp\/v2\/product"}],"about":[{"href":"https:\/\/capitalcientifica.com.mx\/tienda\/wp-json\/wp\/v2\/types\/product"}],"replies":[{"embeddable":true,"href":"https:\/\/capitalcientifica.com.mx\/tienda\/wp-json\/wp\/v2\/comments?post=3330"}],"wp:featuredmedia":[{"embeddable":true,"href":"https:\/\/capitalcientifica.com.mx\/tienda\/wp-json\/wp\/v2\/media\/3328"}],"wp:attachment":[{"href":"https:\/\/capitalcientifica.com.mx\/tienda\/wp-json\/wp\/v2\/media?parent=3330"}],"wp:term":[{"taxonomy":"product_cat","embeddable":true,"href":"https:\/\/capitalcientifica.com.mx\/tienda\/wp-json\/wp\/v2\/product_cat?post=3330"},{"taxonomy":"product_tag","embeddable":true,"href":"https:\/\/capitalcientifica.com.mx\/tienda\/wp-json\/wp\/v2\/product_tag?post=3330"}],"curies":[{"name":"wp","href":"https:\/\/api.w.org\/{rel}","templated":true}]}}