{"id":2524,"date":"2022-02-05T02:59:06","date_gmt":"2022-02-05T02:59:06","guid":{"rendered":"https:\/\/www.capitalcientifica.com.mx\/?post_type=product&#038;p=2524"},"modified":"2023-03-01T00:18:23","modified_gmt":"2023-03-01T00:18:23","slug":"probeta-clase-a-td-ser-cert-1000-ml-ref-catalogo-kx-20026-1000","status":"publish","type":"product","link":"https:\/\/capitalcientifica.com.mx\/tienda\/product\/probeta-clase-a-td-ser-cert-1000-ml-ref-catalogo-kx-20026-1000\/","title":{"rendered":"PROBETA CLASE A TD SER-CERT 1000 ML"},"content":{"rendered":"<p><span>PROBETA CLASE A TD SER-CERT 1000 ML<\/span><\/p>\n<div class=\"product-id-stock\"><span class=\"product-id\"><span class=\"product-id-name\"><span>Ref . Cat\u00e1logo\u00a0<\/span><\/span><span class=\"product-id-value\"><span>KX-20026-1000<\/span><\/span><\/span><\/div>\n<div><\/div>\n<div>Probeta clase A en vidrio de borosilicato para entregar TD seriada y certificada. Tiene base hexagonal; para mayor estabilidad, bumper de seguridad, n\u00famero de serie individual, certificado de exactitud de graduaci\u00f3n. El tama\u00f1o de 10 mL tiene boca en forma de embudo. Calibrada para entregar seg\u00fan las especificaciones de ASTM E1272 estilo I para clase A.<\/div>\n","protected":false},"excerpt":{"rendered":"<p><span>PROBETA CLASE A TD SER-CERT 1000 ML<\/span><\/p>\n<div class=\"product-id-stock\"><span class=\"product-id\"><span class=\"product-id-name\"><span>Ref . Cat\u00e1logo\u00a0<\/span><\/span><span class=\"product-id-value\"><span>KX-20026-1000<\/span><\/span><\/span><\/div>\n<div><\/div>\n<div>Probeta clase A en vidrio de borosilicato para entregar TD seriada y certificada. Tiene base hexagonal; para mayor estabilidad, bumper de seguridad, n\u00famero de serie individual, certificado de exactitud de graduaci\u00f3n. El tama\u00f1o de 10 mL tiene boca en forma de embudo. Calibrada para entregar seg\u00fan las especificaciones de ASTM E1272 estilo I para clase A.<\/div>\n","protected":false},"featured_media":2522,"comment_status":"open","ping_status":"closed","template":"","meta":{"_joinchat":[]},"product_cat":[104],"product_tag":[172,173,2263],"class_list":{"0":"post-2524","1":"product","2":"type-product","3":"status-publish","4":"has-post-thumbnail","6":"product_cat-kimax","7":"product_tag-equipo-de-laboratorio","8":"product_tag-equipo-para-laboratorio","9":"product_tag-probeta-clase-a-td-ser-cert-1000-ml","11":"first","12":"instock","13":"shipping-taxable","14":"product-type-simple","15":"col-xs-6 col-sm-4","16":"col-md-3 col-lg-3","17":"un-4-cols"},"yoast_head":"<!-- This site is optimized with the Yoast SEO plugin v27.2 - https:\/\/yoast.com\/product\/yoast-seo-wordpress\/ -->\n<title>PROBETA CLASE A TD SER-CERT 1000 ML - Capital Cient&iacute;fica<\/title>\n<meta name=\"robots\" content=\"index, follow, max-snippet:-1, max-image-preview:large, max-video-preview:-1\" \/>\n<link rel=\"canonical\" href=\"https:\/\/capitalcientifica.com.mx\/tienda\/product\/probeta-clase-a-td-ser-cert-1000-ml-ref-catalogo-kx-20026-1000\/\" \/>\n<meta property=\"og:locale\" content=\"es_ES\" \/>\n<meta property=\"og:type\" content=\"article\" \/>\n<meta property=\"og:title\" content=\"PROBETA CLASE A TD SER-CERT 1000 ML - Capital Cient&iacute;fica\" \/>\n<meta property=\"og:description\" content=\"PROBETA CLASE A TD SER-CERT 1000 ML Ref . Cat\u00e1logo\u00a0KX-20026-1000  Probeta clase A en vidrio de borosilicato para entregar TD seriada y certificada. Tiene base hexagonal; para mayor estabilidad, bumper de seguridad, n\u00famero de serie individual, certificado de exactitud de graduaci\u00f3n. El tama\u00f1o de 10 mL tiene boca en forma de embudo. Calibrada para entregar seg\u00fan las especificaciones de ASTM E1272 estilo I para clase A.\" \/>\n<meta property=\"og:url\" content=\"https:\/\/capitalcientifica.com.mx\/tienda\/product\/probeta-clase-a-td-ser-cert-1000-ml-ref-catalogo-kx-20026-1000\/\" \/>\n<meta property=\"og:site_name\" content=\"Capital Cient&iacute;fica\" \/>\n<meta property=\"article:modified_time\" content=\"2023-03-01T00:18:23+00:00\" \/>\n<meta property=\"og:image\" content=\"https:\/\/capitalcientifica.com.mx\/tienda\/wp-content\/uploads\/2022\/02\/kx-20026-10_0.png\" \/>\n\t<meta property=\"og:image:width\" content=\"45\" \/>\n\t<meta property=\"og:image:height\" content=\"84\" \/>\n\t<meta property=\"og:image:type\" content=\"image\/png\" \/>\n<meta name=\"twitter:card\" content=\"summary_large_image\" \/>\n<script type=\"application\/ld+json\" class=\"yoast-schema-graph\">{\"@context\":\"https:\/\/schema.org\",\"@graph\":[{\"@type\":\"WebPage\",\"@id\":\"https:\/\/capitalcientifica.com.mx\/tienda\/product\/probeta-clase-a-td-ser-cert-1000-ml-ref-catalogo-kx-20026-1000\/\",\"url\":\"https:\/\/capitalcientifica.com.mx\/tienda\/product\/probeta-clase-a-td-ser-cert-1000-ml-ref-catalogo-kx-20026-1000\/\",\"name\":\"PROBETA CLASE A TD SER-CERT 1000 ML - Capital Cient&iacute;fica\",\"isPartOf\":{\"@id\":\"https:\/\/capitalcientifica.com.mx\/tienda\/#website\"},\"primaryImageOfPage\":{\"@id\":\"https:\/\/capitalcientifica.com.mx\/tienda\/product\/probeta-clase-a-td-ser-cert-1000-ml-ref-catalogo-kx-20026-1000\/#primaryimage\"},\"image\":{\"@id\":\"https:\/\/capitalcientifica.com.mx\/tienda\/product\/probeta-clase-a-td-ser-cert-1000-ml-ref-catalogo-kx-20026-1000\/#primaryimage\"},\"thumbnailUrl\":\"https:\/\/capitalcientifica.com.mx\/tienda\/wp-content\/uploads\/2022\/02\/kx-20026-10_0.png\",\"datePublished\":\"2022-02-05T02:59:06+00:00\",\"dateModified\":\"2023-03-01T00:18:23+00:00\",\"breadcrumb\":{\"@id\":\"https:\/\/capitalcientifica.com.mx\/tienda\/product\/probeta-clase-a-td-ser-cert-1000-ml-ref-catalogo-kx-20026-1000\/#breadcrumb\"},\"inLanguage\":\"es\",\"potentialAction\":[{\"@type\":\"ReadAction\",\"target\":[\"https:\/\/capitalcientifica.com.mx\/tienda\/product\/probeta-clase-a-td-ser-cert-1000-ml-ref-catalogo-kx-20026-1000\/\"]}]},{\"@type\":\"ImageObject\",\"inLanguage\":\"es\",\"@id\":\"https:\/\/capitalcientifica.com.mx\/tienda\/product\/probeta-clase-a-td-ser-cert-1000-ml-ref-catalogo-kx-20026-1000\/#primaryimage\",\"url\":\"https:\/\/capitalcientifica.com.mx\/tienda\/wp-content\/uploads\/2022\/02\/kx-20026-10_0.png\",\"contentUrl\":\"https:\/\/capitalcientifica.com.mx\/tienda\/wp-content\/uploads\/2022\/02\/kx-20026-10_0.png\",\"width\":45,\"height\":84},{\"@type\":\"BreadcrumbList\",\"@id\":\"https:\/\/capitalcientifica.com.mx\/tienda\/product\/probeta-clase-a-td-ser-cert-1000-ml-ref-catalogo-kx-20026-1000\/#breadcrumb\",\"itemListElement\":[{\"@type\":\"ListItem\",\"position\":1,\"name\":\"Portada\",\"item\":\"https:\/\/capitalcientifica.com.mx\/tienda\/\"},{\"@type\":\"ListItem\",\"position\":2,\"name\":\"Shop\",\"item\":\"https:\/\/capitalcientifica.com.mx\/tienda\/shop\/\"},{\"@type\":\"ListItem\",\"position\":3,\"name\":\"PROBETA CLASE A TD SER-CERT 1000 ML\"}]},{\"@type\":\"WebSite\",\"@id\":\"https:\/\/capitalcientifica.com.mx\/tienda\/#website\",\"url\":\"https:\/\/capitalcientifica.com.mx\/tienda\/\",\"name\":\"Capital Cient&iacute;fica\",\"description\":\"Equipo para laboratorio\",\"potentialAction\":[{\"@type\":\"SearchAction\",\"target\":{\"@type\":\"EntryPoint\",\"urlTemplate\":\"https:\/\/capitalcientifica.com.mx\/tienda\/?s={search_term_string}\"},\"query-input\":{\"@type\":\"PropertyValueSpecification\",\"valueRequired\":true,\"valueName\":\"search_term_string\"}}],\"inLanguage\":\"es\"}]}<\/script>\n<!-- \/ Yoast SEO plugin. -->","yoast_head_json":{"title":"PROBETA CLASE A TD SER-CERT 1000 ML - Capital Cient&iacute;fica","robots":{"index":"index","follow":"follow","max-snippet":"max-snippet:-1","max-image-preview":"max-image-preview:large","max-video-preview":"max-video-preview:-1"},"canonical":"https:\/\/capitalcientifica.com.mx\/tienda\/product\/probeta-clase-a-td-ser-cert-1000-ml-ref-catalogo-kx-20026-1000\/","og_locale":"es_ES","og_type":"article","og_title":"PROBETA CLASE A TD SER-CERT 1000 ML - Capital Cient&iacute;fica","og_description":"PROBETA CLASE A TD SER-CERT 1000 ML Ref . Cat\u00e1logo\u00a0KX-20026-1000  Probeta clase A en vidrio de borosilicato para entregar TD seriada y certificada. Tiene base hexagonal; para mayor estabilidad, bumper de seguridad, n\u00famero de serie individual, certificado de exactitud de graduaci\u00f3n. El tama\u00f1o de 10 mL tiene boca en forma de embudo. Calibrada para entregar seg\u00fan las especificaciones de ASTM E1272 estilo I para clase A.","og_url":"https:\/\/capitalcientifica.com.mx\/tienda\/product\/probeta-clase-a-td-ser-cert-1000-ml-ref-catalogo-kx-20026-1000\/","og_site_name":"Capital Cient&iacute;fica","article_modified_time":"2023-03-01T00:18:23+00:00","og_image":[{"width":45,"height":84,"url":"https:\/\/capitalcientifica.com.mx\/tienda\/wp-content\/uploads\/2022\/02\/kx-20026-10_0.png","type":"image\/png"}],"twitter_card":"summary_large_image","schema":{"@context":"https:\/\/schema.org","@graph":[{"@type":"WebPage","@id":"https:\/\/capitalcientifica.com.mx\/tienda\/product\/probeta-clase-a-td-ser-cert-1000-ml-ref-catalogo-kx-20026-1000\/","url":"https:\/\/capitalcientifica.com.mx\/tienda\/product\/probeta-clase-a-td-ser-cert-1000-ml-ref-catalogo-kx-20026-1000\/","name":"PROBETA CLASE A TD SER-CERT 1000 ML - Capital Cient&iacute;fica","isPartOf":{"@id":"https:\/\/capitalcientifica.com.mx\/tienda\/#website"},"primaryImageOfPage":{"@id":"https:\/\/capitalcientifica.com.mx\/tienda\/product\/probeta-clase-a-td-ser-cert-1000-ml-ref-catalogo-kx-20026-1000\/#primaryimage"},"image":{"@id":"https:\/\/capitalcientifica.com.mx\/tienda\/product\/probeta-clase-a-td-ser-cert-1000-ml-ref-catalogo-kx-20026-1000\/#primaryimage"},"thumbnailUrl":"https:\/\/capitalcientifica.com.mx\/tienda\/wp-content\/uploads\/2022\/02\/kx-20026-10_0.png","datePublished":"2022-02-05T02:59:06+00:00","dateModified":"2023-03-01T00:18:23+00:00","breadcrumb":{"@id":"https:\/\/capitalcientifica.com.mx\/tienda\/product\/probeta-clase-a-td-ser-cert-1000-ml-ref-catalogo-kx-20026-1000\/#breadcrumb"},"inLanguage":"es","potentialAction":[{"@type":"ReadAction","target":["https:\/\/capitalcientifica.com.mx\/tienda\/product\/probeta-clase-a-td-ser-cert-1000-ml-ref-catalogo-kx-20026-1000\/"]}]},{"@type":"ImageObject","inLanguage":"es","@id":"https:\/\/capitalcientifica.com.mx\/tienda\/product\/probeta-clase-a-td-ser-cert-1000-ml-ref-catalogo-kx-20026-1000\/#primaryimage","url":"https:\/\/capitalcientifica.com.mx\/tienda\/wp-content\/uploads\/2022\/02\/kx-20026-10_0.png","contentUrl":"https:\/\/capitalcientifica.com.mx\/tienda\/wp-content\/uploads\/2022\/02\/kx-20026-10_0.png","width":45,"height":84},{"@type":"BreadcrumbList","@id":"https:\/\/capitalcientifica.com.mx\/tienda\/product\/probeta-clase-a-td-ser-cert-1000-ml-ref-catalogo-kx-20026-1000\/#breadcrumb","itemListElement":[{"@type":"ListItem","position":1,"name":"Portada","item":"https:\/\/capitalcientifica.com.mx\/tienda\/"},{"@type":"ListItem","position":2,"name":"Shop","item":"https:\/\/capitalcientifica.com.mx\/tienda\/shop\/"},{"@type":"ListItem","position":3,"name":"PROBETA CLASE A TD SER-CERT 1000 ML"}]},{"@type":"WebSite","@id":"https:\/\/capitalcientifica.com.mx\/tienda\/#website","url":"https:\/\/capitalcientifica.com.mx\/tienda\/","name":"Capital Cient&iacute;fica","description":"Equipo para laboratorio","potentialAction":[{"@type":"SearchAction","target":{"@type":"EntryPoint","urlTemplate":"https:\/\/capitalcientifica.com.mx\/tienda\/?s={search_term_string}"},"query-input":{"@type":"PropertyValueSpecification","valueRequired":true,"valueName":"search_term_string"}}],"inLanguage":"es"}]}},"_links":{"self":[{"href":"https:\/\/capitalcientifica.com.mx\/tienda\/wp-json\/wp\/v2\/product\/2524","targetHints":{"allow":["GET"]}}],"collection":[{"href":"https:\/\/capitalcientifica.com.mx\/tienda\/wp-json\/wp\/v2\/product"}],"about":[{"href":"https:\/\/capitalcientifica.com.mx\/tienda\/wp-json\/wp\/v2\/types\/product"}],"replies":[{"embeddable":true,"href":"https:\/\/capitalcientifica.com.mx\/tienda\/wp-json\/wp\/v2\/comments?post=2524"}],"wp:featuredmedia":[{"embeddable":true,"href":"https:\/\/capitalcientifica.com.mx\/tienda\/wp-json\/wp\/v2\/media\/2522"}],"wp:attachment":[{"href":"https:\/\/capitalcientifica.com.mx\/tienda\/wp-json\/wp\/v2\/media?parent=2524"}],"wp:term":[{"taxonomy":"product_cat","embeddable":true,"href":"https:\/\/capitalcientifica.com.mx\/tienda\/wp-json\/wp\/v2\/product_cat?post=2524"},{"taxonomy":"product_tag","embeddable":true,"href":"https:\/\/capitalcientifica.com.mx\/tienda\/wp-json\/wp\/v2\/product_tag?post=2524"}],"curies":[{"name":"wp","href":"https:\/\/api.w.org\/{rel}","templated":true}]}}